CRAN Package Check Results for Package genio

Last updated on 2022-01-21 05:52:10 CET.

Flavor Version Tinstall Tcheck Ttotal Status Flags
r-devel-linux-x86_64-debian-clang 1.0.25 OK
r-devel-linux-x86_64-debian-gcc 1.0.25 21.77 51.81 73.58 OK
r-devel-linux-x86_64-fedora-clang 1.0.25 138.41 OK
r-devel-linux-x86_64-fedora-gcc 1.0.25 113.50 OK
r-devel-windows-x86_64-new-UL 1.0.25 81.00 125.00 206.00 OK
r-devel-windows-x86_64-new-TK 1.0.25 OK
r-patched-linux-x86_64 1.0.25 28.85 53.98 82.83 OK
r-release-linux-x86_64 1.0.25 27.20 54.06 81.26 OK
r-release-macos-arm64 1.0.25 NOTE
r-release-macos-x86_64 1.0.25 OK
r-release-windows-ix86+x86_64 1.0.25 79.00 108.00 187.00 OK
r-oldrel-macos-x86_64 1.0.25 OK
r-oldrel-windows-ix86+x86_64 1.0.25 80.00 112.00 192.00 OK

Check Details

Version: 1.0.25
Check: package dependencies
Result: NOTE
    Package suggested but not available for checking: ‘snpStats’
Flavor: r-release-macos-arm64