CRAN Package Check Results for Package genius

Last updated on 2021-12-05 05:52:47 CET.

Flavor Version Tinstall Tcheck Ttotal Status Flags
r-devel-linux-x86_64-debian-clang 2.2.3 9.21 88.64 97.85 OK
r-devel-linux-x86_64-debian-gcc 2.2.3 7.47 68.48 75.95 OK
r-devel-linux-x86_64-fedora-clang 2.2.3 127.06 OK
r-devel-linux-x86_64-fedora-gcc 2.2.3 106.77 OK
r-devel-windows-x86_64-new-UL 2.2.3 18.00 117.00 135.00 WARN
r-devel-windows-x86_64-new-TK 2.2.3 WARN
r-devel-windows-x86_64-old 2.2.3 16.00 83.00 99.00 WARN
r-patched-linux-x86_64 2.2.3 9.72 76.65 86.37 OK
r-release-linux-x86_64 2.2.3 8.56 83.70 92.26 OK
r-release-macos-arm64 2.2.3 OK
r-release-macos-x86_64 2.2.3 OK
r-release-windows-ix86+x86_64 2.2.3 23.00 103.00 126.00 OK
r-oldrel-macos-x86_64 2.2.3 OK
r-oldrel-windows-ix86+x86_64 2.2.3 24.00 103.00 127.00 WARN

Check Details

Version: 2.2.3
Check: R files for syntax errors
Result: WARN
    Warnings in file 'R/utils.R':
     unable to translate '<U+00E9>' to native encoding
     unable to translate '<U+00F6>' to native encoding
     unable to translate '<U+00F8>' to native encoding
     unable to translate '<U+2019>' to native encoding
Flavors: r-devel-windows-x86_64-new-UL, r-devel-windows-x86_64-new-TK, r-devel-windows-x86_64-old, r-oldrel-windows-ix86+x86_64