CRAN Package Check Results for Package genpwr

Last updated on 2024-06-13 06:58:02 CEST.

Flavor Version Tinstall Tcheck Ttotal Status Flags
r-devel-linux-x86_64-debian-clang 1.0.4 16.66 250.35 267.01 NOTE
r-devel-linux-x86_64-debian-gcc 1.0.4 0.32 1.83 2.15 ERROR
r-devel-linux-x86_64-fedora-clang 1.0.4 330.98 NOTE
r-devel-linux-x86_64-fedora-gcc 1.0.4 318.93 NOTE
r-devel-windows-x86_64 1.0.4 15.00 195.00 210.00 NOTE
r-patched-linux-x86_64 1.0.4 15.02 233.81 248.83 NOTE
r-release-linux-x86_64 1.0.4 15.28 237.26 252.54 NOTE
r-release-macos-arm64 1.0.4 81.00 NOTE
r-release-macos-x86_64 1.0.4 128.00 NOTE
r-release-windows-x86_64 1.0.4 17.00 199.00 216.00 NOTE
r-oldrel-macos-arm64 1.0.4 88.00 NOTE
r-oldrel-macos-x86_64 1.0.4 145.00 NOTE
r-oldrel-windows-x86_64 1.0.4 20.00 236.00 256.00 NOTE

Check Details

Version: 1.0.4
Check: package subdirectories
Result: NOTE Problems with news in ‘NEWS.md’: No news entries found. Flavors: r-devel-linux-x86_64-debian-clang, r-devel-linux-x86_64-fedora-clang, r-devel-linux-x86_64-fedora-gcc, r-devel-windows-x86_64, r-patched-linux-x86_64, r-release-linux-x86_64, r-release-macos-arm64, r-release-macos-x86_64, r-release-windows-x86_64, r-oldrel-macos-arm64, r-oldrel-macos-x86_64, r-oldrel-windows-x86_64

Version: 1.0.4
Check: package dependencies
Result: ERROR Package required but not available: ‘ggplot2’ See section ‘The DESCRIPTION file’ in the ‘Writing R Extensions’ manual. Flavor: r-devel-linux-x86_64-debian-gcc