CRAN Package Check Results for Package geomedb

Last updated on 2019-08-25 05:46:48 CEST.

Flavor Version Tinstall Tcheck Ttotal Status Flags
r-devel-linux-x86_64-debian-clang 1.0.0 1.93 17.48 19.41 OK
r-devel-linux-x86_64-debian-gcc 1.0.0 1.62 14.37 15.99 OK
r-devel-linux-x86_64-fedora-clang 1.0.0 25.24 NOTE
r-devel-linux-x86_64-fedora-gcc 1.0.0 24.73 NOTE
r-devel-windows-ix86+x86_64 1.0.0 4.00 40.00 44.00 OK
r-patched-linux-x86_64 1.0.0 1.57 17.56 19.13 OK
r-patched-solaris-x86 1.0.0 36.90 NOTE
r-release-linux-x86_64 1.0.0 1.65 17.39 19.04 OK
r-release-windows-ix86+x86_64 1.0.0 7.00 41.00 48.00 OK
r-release-osx-x86_64 1.0.0 NOTE
r-oldrel-windows-ix86+x86_64 1.0.0 5.00 43.00 48.00 OK
r-oldrel-osx-x86_64 1.0.0 NOTE

Check Details

Version: 1.0.0
Check: dependencies in R code
Result: NOTE
    Namespace in Imports field not imported from: ‘data.table’
     All declared Imports should be used.
Flavors: r-devel-linux-x86_64-fedora-clang, r-devel-linux-x86_64-fedora-gcc, r-patched-solaris-x86, r-release-osx-x86_64, r-oldrel-osx-x86_64