CRAN Package Check Results for Package geometa

Last updated on 2019-10-15 05:47:47 CEST.

Flavor Version Tinstall Tcheck Ttotal Status Flags
r-devel-linux-x86_64-debian-clang 0.6-0 197.01 214.31 411.32 OK
r-devel-linux-x86_64-debian-gcc 0.6-0 170.55 166.17 336.72 OK
r-devel-linux-x86_64-fedora-clang 0.6-0 511.48 NOTE
r-devel-linux-x86_64-fedora-gcc 0.6-0 511.04 OK
r-devel-windows-ix86+x86_64 0.6-0 304.00 579.00 883.00 NOTE
r-patched-linux-x86_64 0.6-0 180.61 209.30 389.91 OK
r-patched-solaris-x86 0.6-0 571.10 NOTE
r-release-linux-x86_64 0.6-0 184.81 208.45 393.26 OK
r-release-windows-ix86+x86_64 0.6-0 385.00 569.00 954.00 NOTE
r-release-osx-x86_64 0.6-0 NOTE
r-oldrel-windows-ix86+x86_64 0.6-0 240.00 533.00 773.00 NOTE
r-oldrel-osx-x86_64 0.6-0 NOTE

Check Details

Version: 0.6-0
Check: installed package size
Result: NOTE
     installed size is 11.3Mb
     sub-directories of 1Mb or more:
     R 8.8Mb
     extdata 1.6Mb
Flavors: r-devel-linux-x86_64-fedora-clang, r-devel-windows-ix86+x86_64, r-patched-solaris-x86, r-release-windows-ix86+x86_64, r-release-osx-x86_64, r-oldrel-windows-ix86+x86_64, r-oldrel-osx-x86_64