CRAN Package Check Results for Package geometa

Last updated on 2019-07-15 05:48:16 CEST.

Flavor Version Tinstall Tcheck Ttotal Status Flags
r-devel-linux-x86_64-debian-clang 0.5-0 162.20 300.32 462.52 OK
r-devel-linux-x86_64-debian-gcc 0.5-0 141.08 232.39 373.47 OK
r-devel-linux-x86_64-fedora-clang 0.5-0 577.03 NOTE
r-devel-linux-x86_64-fedora-gcc 0.5-0 608.57 OK
r-devel-windows-ix86+x86_64 0.5-0 255.00 669.00 924.00 NOTE
r-patched-linux-x86_64 0.5-0 159.05 307.55 466.60 OK
r-patched-solaris-x86 0.5-0 684.60 NOTE
r-release-linux-x86_64 0.5-0 156.93 309.81 466.74 OK
r-release-windows-ix86+x86_64 0.5-0 256.00 643.00 899.00 NOTE
r-release-osx-x86_64 0.5-0 NOTE
r-oldrel-windows-ix86+x86_64 0.5-0 283.00 815.00 1098.00 NOTE
r-oldrel-osx-x86_64 0.5-0 NOTE

Check Details

Version: 0.5-0
Check: installed package size
Result: NOTE
     installed size is 10.1Mb
     sub-directories of 1Mb or more:
     R 7.7Mb
     extdata 1.6Mb
Flavors: r-devel-linux-x86_64-fedora-clang, r-devel-windows-ix86+x86_64, r-patched-solaris-x86, r-release-windows-ix86+x86_64, r-release-osx-x86_64, r-oldrel-windows-ix86+x86_64, r-oldrel-osx-x86_64