Last updated on 2022-08-20 05:50:28 CEST.
Flavor | Version | Tinstall | Tcheck | Ttotal | Status | Flags |
---|---|---|---|---|---|---|
r-devel-linux-x86_64-debian-clang | 0.2.0 | 101.76 | 32.91 | 134.67 | NOTE | |
r-devel-linux-x86_64-debian-gcc | 0.2.0 | 90.03 | 25.61 | 115.64 | NOTE | |
r-devel-linux-x86_64-fedora-clang | 0.2.0 | 206.58 | NOTE | |||
r-devel-linux-x86_64-fedora-gcc | 0.2.0 | 198.17 | NOTE | |||
r-devel-windows-x86_64 | 0.2.0 | 107.00 | 83.00 | 190.00 | NOTE | |
r-patched-linux-x86_64 | 0.2.0 | 91.18 | 32.00 | 123.18 | NOTE | |
r-release-linux-x86_64 | 0.2.0 | NOTE | ||||
r-release-macos-arm64 | 0.2.0 | 46.00 | NOTE | |||
r-release-macos-x86_64 | 0.2.0 | 71.00 | NOTE | |||
r-release-windows-x86_64 | 0.2.0 | 101.00 | 86.00 | 187.00 | NOTE | |
r-oldrel-macos-arm64 | 0.2.0 | 55.00 | NOTE | |||
r-oldrel-macos-x86_64 | 0.2.0 | 98.00 | NOTE | |||
r-oldrel-windows-ix86+x86_64 | 0.2.0 | 253.00 | 84.00 | 337.00 | NOTE |
Version: 0.2.0
Check: LazyData
Result: NOTE
'LazyData' is specified without a 'data' directory
Flavors: r-devel-linux-x86_64-debian-clang, r-devel-linux-x86_64-debian-gcc, r-devel-linux-x86_64-fedora-clang, r-devel-linux-x86_64-fedora-gcc, r-devel-windows-x86_64, r-patched-linux-x86_64, r-release-linux-x86_64, r-release-macos-arm64, r-release-macos-x86_64, r-release-windows-x86_64, r-oldrel-macos-arm64, r-oldrel-macos-x86_64, r-oldrel-windows-ix86+x86_64
Version: 0.2.0
Check: installed package size
Result: NOTE
installed size is 5.9Mb
sub-directories of 1Mb or more:
libs 5.4Mb
Flavor: r-oldrel-macos-arm64