CRAN Package Check Results for Package gert

Last updated on 2021-12-03 05:51:59 CET.

Flavor Version Tinstall Tcheck Ttotal Status Flags
r-devel-linux-x86_64-debian-clang 1.4.3 8.89 40.24 49.13 OK
r-devel-linux-x86_64-debian-gcc 1.4.3 6.01 31.94 37.95 OK
r-devel-linux-x86_64-fedora-clang 1.4.3 66.13 OK
r-devel-linux-x86_64-fedora-gcc 1.4.3 54.42 OK
r-devel-windows-x86_64-new-UL 1.4.3 32.00 140.00 172.00 OK
r-devel-windows-x86_64-new-TK 1.4.3 OK
r-devel-windows-x86_64-old 1.4.3 20.00 67.00 87.00 OK
r-patched-linux-x86_64 1.4.3 8.50 38.64 47.14 OK
r-patched-solaris-x86 1.4.3 70.70 OK
r-release-linux-x86_64 1.4.3 7.61 38.54 46.15 OK
r-release-macos-arm64 1.4.3 OK
r-release-macos-x86_64 1.4.3 OK
r-release-windows-ix86+x86_64 1.4.3 31.00 116.00 147.00 NOTE
r-oldrel-macos-x86_64 1.4.3 OK
r-oldrel-windows-ix86+x86_64 1.4.3 32.00 111.00 143.00 NOTE

Check Details

Version: 1.4.3
Check: installed package size
Result: NOTE
     installed size is 7.6Mb
     sub-directories of 1Mb or more:
     libs 7.4Mb
Flavors: r-release-windows-ix86+x86_64, r-oldrel-windows-ix86+x86_64