CRAN Package Check Results for Package gesisdata

Last updated on 2021-12-07 05:55:05 CET.

Flavor Version Tinstall Tcheck Ttotal Status Flags
r-devel-linux-x86_64-debian-clang 0.1.0 7.26 70.96 78.22 NOTE
r-devel-linux-x86_64-debian-gcc 0.1.0 6.42 53.89 60.31 NOTE
r-devel-linux-x86_64-fedora-clang 0.1.0 96.19 NOTE
r-devel-linux-x86_64-fedora-gcc 0.1.0 81.49 NOTE
r-devel-windows-x86_64-new-UL 0.1.0 14.00 106.00 120.00 NOTE
r-devel-windows-x86_64-new-TK 0.1.0 NOTE
r-devel-windows-x86_64-old 0.1.0 12.00 88.00 100.00 NOTE
r-patched-linux-x86_64 0.1.0 7.05 66.35 73.40 NOTE
r-release-linux-x86_64 0.1.0 6.84 65.99 72.83 NOTE
r-release-macos-arm64 0.1.0 NOTE
r-release-macos-x86_64 0.1.0 NOTE
r-release-windows-ix86+x86_64 0.1.0 14.00 85.00 99.00 NOTE
r-oldrel-macos-x86_64 0.1.0 OK
r-oldrel-windows-ix86+x86_64 0.1.0 18.00 84.00 102.00 OK

Check Details

Version: 0.1.0
Check: LazyData
Result: NOTE
     'LazyData' is specified without a 'data' directory
Flavors: r-devel-linux-x86_64-debian-clang, r-devel-linux-x86_64-debian-gcc, r-devel-linux-x86_64-fedora-clang, r-devel-linux-x86_64-fedora-gcc, r-devel-windows-x86_64-new-UL, r-devel-windows-x86_64-new-TK, r-devel-windows-x86_64-old, r-patched-linux-x86_64, r-release-linux-x86_64, r-release-macos-arm64, r-release-macos-x86_64, r-release-windows-ix86+x86_64