CRAN Package Check Results for Package gfer

Last updated on 2022-01-23 05:57:52 CET.

Flavor Version Tinstall Tcheck Ttotal Status Flags
r-devel-linux-x86_64-debian-clang 0.1.11 8.38 80.80 89.18 OK
r-devel-linux-x86_64-debian-gcc 0.1.11 7.01 68.67 75.68 OK
r-devel-linux-x86_64-fedora-clang 0.1.11 106.97 NOTE
r-devel-linux-x86_64-fedora-gcc 0.1.11 98.34 NOTE
r-devel-windows-x86_64-new-UL 0.1.11 43.00 119.00 162.00 OK
r-devel-windows-x86_64-new-TK 0.1.11 NOTE
r-patched-linux-x86_64 0.1.11 7.14 74.76 81.90 OK
r-release-linux-x86_64 0.1.11 5.09 75.81 80.90 OK
r-release-macos-arm64 0.1.11 NOTE
r-release-macos-x86_64 0.1.11 NOTE
r-release-windows-ix86+x86_64 0.1.11 22.00 108.00 130.00 OK
r-oldrel-macos-x86_64 0.1.11 NOTE
r-oldrel-windows-ix86+x86_64 0.1.11 23.00 112.00 135.00 OK

Check Details

Version: 0.1.11
Check: dependencies in R code
Result: NOTE
    Namespace in Imports field not imported from: ‘tidyr’
     All declared Imports should be used.
Flavors: r-devel-linux-x86_64-fedora-clang, r-devel-linux-x86_64-fedora-gcc, r-devel-windows-x86_64-new-TK, r-release-macos-arm64, r-release-macos-x86_64, r-oldrel-macos-x86_64