CRAN Package Check Results for Package gfilmm

Last updated on 2022-01-18 05:50:14 CET.

Flavor Version Tinstall Tcheck Ttotal Status Flags
r-devel-linux-x86_64-debian-clang 2.0.4 109.15 244.17 353.32 OK
r-devel-linux-x86_64-debian-gcc 2.0.4 76.14 177.20 253.34 OK
r-devel-linux-x86_64-fedora-clang 2.0.4 455.35 NOTE
r-devel-linux-x86_64-fedora-gcc 2.0.4 412.80 OK
r-devel-windows-x86_64-new-UL 2.0.4 87.00 261.00 348.00 OK
r-devel-windows-x86_64-new-TK 2.0.4 WARN
r-patched-linux-x86_64 2.0.4 94.83 222.97 317.80 OK
r-release-linux-x86_64 2.0.4 OK
r-release-macos-arm64 2.0.4 NOTE
r-release-macos-x86_64 2.0.4 NOTE
r-release-windows-ix86+x86_64 2.0.4 203.00 300.00 503.00 OK
r-oldrel-macos-x86_64 2.0.4 NOTE
r-oldrel-windows-ix86+x86_64 2.0.4 205.00 286.00 491.00 OK

Check Details

Version: 2.0.4
Check: installed package size
Result: NOTE
     installed size is 32.4Mb
     sub-directories of 1Mb or more:
     libs 31.7Mb
Flavors: r-devel-linux-x86_64-fedora-clang, r-release-macos-arm64, r-release-macos-x86_64, r-oldrel-macos-x86_64

Version: 2.0.4
Check: package dependencies
Result: NOTE
    Packages suggested but not available for checking: 'lmerTest', 'car'
Flavor: r-devel-windows-x86_64-new-TK

Version: 2.0.4
Check: re-building of vignette outputs
Result: WARN
    Error(s) in re-building vignettes:
    --- re-building 'the-gfilmm-package.Rmd' using rmarkdown
    Quitting from lines 139-149 (the-gfilmm-package.Rmd)
    Error: processing vignette 'the-gfilmm-package.Rmd' failed with diagnostics:
    there is no package called 'car'
    --- failed re-building 'the-gfilmm-package.Rmd'
    
    SUMMARY: processing the following file failed:
     'the-gfilmm-package.Rmd'
    
    Error: Vignette re-building failed.
    Execution halted
Flavor: r-devel-windows-x86_64-new-TK