CRAN Package Check Results for Package ggPMX

Last updated on 2021-12-08 05:58:39 CET.

Flavor Version Tinstall Tcheck Ttotal Status Flags
r-devel-linux-x86_64-debian-clang 1.2.4 15.94 368.84 384.78 OK
r-devel-linux-x86_64-debian-gcc 1.2.4 12.22 269.90 282.12 OK
r-devel-linux-x86_64-fedora-clang 1.2.4 429.47 NOTE
r-devel-linux-x86_64-fedora-gcc 1.2.4 413.06 OK
r-devel-windows-x86_64-new-UL 1.2.4 49.00 459.00 508.00 NOTE
r-devel-windows-x86_64-new-TK 1.2.4 OK
r-devel-windows-x86_64-old 1.2.4 28.00 347.00 375.00 NOTE
r-patched-linux-x86_64 1.2.4 18.26 315.90 334.16 OK
r-release-linux-x86_64 1.2.4 14.20 317.78 331.98 OK
r-release-macos-arm64 1.2.4 NOTE
r-release-macos-x86_64 1.2.4 NOTE
r-release-windows-ix86+x86_64 1.2.4 23.00 297.00 320.00 NOTE
r-oldrel-macos-x86_64 1.2.4 NOTE
r-oldrel-windows-ix86+x86_64 1.2.4 41.00 347.00 388.00 NOTE

Check Details

Version: 1.2.4
Check: installed package size
Result: NOTE
     installed size is 8.7Mb
     sub-directories of 1Mb or more:
     doc 1.1Mb
     help 2.1Mb
     testdata 4.8Mb
Flavors: r-devel-linux-x86_64-fedora-clang, r-devel-windows-x86_64-new-UL, r-devel-windows-x86_64-old, r-release-macos-arm64, r-release-macos-x86_64, r-release-windows-ix86+x86_64, r-oldrel-macos-x86_64, r-oldrel-windows-ix86+x86_64

Version: 1.2.4
Check: package dependencies
Result: NOTE
    Package suggested but not available for checking: ‘nlmixr’
Flavor: r-release-macos-arm64