CRAN Package Check Results for Package ggRtsy

Last updated on 2024-06-24 06:49:12 CEST.

Flavor Version Tinstall Tcheck Ttotal Status Flags
r-devel-linux-x86_64-debian-clang 0.1.0 5.87 56.17 62.04 OK
r-devel-linux-x86_64-debian-gcc 0.1.0 3.26 41.93 45.19 OK
r-devel-linux-x86_64-fedora-clang 0.1.0 77.13 NOTE
r-devel-linux-x86_64-fedora-gcc 0.1.0 83.56 NOTE
r-devel-windows-x86_64 0.1.0 6.00 61.00 67.00 OK
r-patched-linux-x86_64 0.1.0 4.74 53.78 58.52 OK
r-release-linux-x86_64 0.1.0 3.38 54.34 57.72 OK
r-release-macos-arm64 0.1.0 34.00 OK
r-release-macos-x86_64 0.1.0 54.00 OK
r-release-windows-x86_64 0.1.0 6.00 63.00 69.00 OK
r-oldrel-macos-arm64 0.1.0 39.00 OK
r-oldrel-macos-x86_64 0.1.0 81.00 OK
r-oldrel-windows-x86_64 0.1.0 7.00 71.00 78.00 OK

Check Details

Version: 0.1.0
Check: data for non-ASCII characters
Result: NOTE Note: found 19 marked UTF-8 strings Flavors: r-devel-linux-x86_64-fedora-clang, r-devel-linux-x86_64-fedora-gcc