CRAN Package Check Results for Package ggVennDiagram

Last updated on 2021-12-03 05:51:59 CET.

Flavor Version Tinstall Tcheck Ttotal Status Flags
r-devel-linux-x86_64-debian-clang 1.2.0 6.06 104.49 110.55 OK
r-devel-linux-x86_64-debian-gcc 1.2.0 5.55 77.17 82.72 OK
r-devel-linux-x86_64-fedora-clang 1.2.0 141.29 NOTE
r-devel-linux-x86_64-fedora-gcc 1.2.0 129.44 OK
r-devel-windows-x86_64-new-UL 1.2.0 21.00 171.00 192.00 NOTE
r-devel-windows-x86_64-new-TK 1.2.0 OK
r-devel-windows-x86_64-old 1.2.0 13.00 99.00 112.00 NOTE
r-patched-linux-x86_64 1.2.0 7.25 103.42 110.67 OK
r-patched-solaris-x86 1.2.0 127.70 NOTE
r-release-linux-x86_64 1.2.0 7.64 103.53 111.17 OK
r-release-macos-arm64 1.2.0 NOTE
r-release-macos-x86_64 1.2.0 NOTE
r-release-windows-ix86+x86_64 1.2.0 17.00 150.00 167.00 NOTE
r-oldrel-macos-x86_64 1.2.0 NOTE
r-oldrel-windows-ix86+x86_64 1.2.0 17.00 149.00 166.00 NOTE

Check Details

Version: 1.2.0
Check: installed package size
Result: NOTE
     installed size is 10.7Mb
     sub-directories of 1Mb or more:
     doc 10.2Mb
Flavors: r-devel-linux-x86_64-fedora-clang, r-devel-windows-x86_64-new-UL, r-devel-windows-x86_64-old, r-patched-solaris-x86, r-release-macos-arm64, r-release-macos-x86_64, r-release-windows-ix86+x86_64, r-oldrel-macos-x86_64, r-oldrel-windows-ix86+x86_64