CRAN Package Check Results for Package ggdistribute

Last updated on 2019-09-20 05:46:55 CEST.

Flavor Version Tinstall Tcheck Ttotal Status Flags
r-devel-linux-x86_64-debian-clang 1.0.3 6.69 144.65 151.34 OK
r-devel-linux-x86_64-debian-gcc 1.0.3 6.02 254.46 260.48 OK
r-devel-linux-x86_64-fedora-clang 1.0.3 134.03 NOTE
r-devel-linux-x86_64-fedora-gcc 1.0.3 143.22 NOTE
r-devel-windows-ix86+x86_64 1.0.3 31.00 95.00 126.00 OK
r-patched-linux-x86_64 1.0.3 6.39 157.17 163.56 OK
r-patched-solaris-x86 1.0.3 140.90 NOTE
r-release-linux-x86_64 1.0.3 6.01 165.16 171.17 OK
r-release-windows-ix86+x86_64 1.0.3 17.00 131.00 148.00 OK
r-release-osx-x86_64 1.0.3 NOTE
r-oldrel-windows-ix86+x86_64 1.0.3 9.00 97.00 106.00 OK
r-oldrel-osx-x86_64 1.0.3 NOTE

Check Details

Version: 1.0.3
Check: dependencies in R code
Result: NOTE
    Namespace in Imports field not imported from: ‘dplyr’
     All declared Imports should be used.
Flavors: r-devel-linux-x86_64-fedora-clang, r-devel-linux-x86_64-fedora-gcc, r-patched-solaris-x86, r-release-osx-x86_64, r-oldrel-osx-x86_64