CRAN Package Check Results for Package ggdistribute

Last updated on 2019-06-24 05:58:02 CEST.

Flavor Version Tinstall Tcheck Ttotal Status Flags
r-devel-linux-x86_64-debian-clang 1.0.3 6.31 141.60 147.91 OK
r-devel-linux-x86_64-debian-gcc 1.0.3 5.49 217.09 222.58 OK
r-devel-linux-x86_64-fedora-clang 1.0.3 135.01 NOTE
r-devel-linux-x86_64-fedora-gcc 1.0.3 143.24 NOTE
r-devel-windows-ix86+x86_64 1.0.3 25.00 98.00 123.00 OK
r-patched-linux-x86_64 1.0.3 5.89 152.01 157.90 OK
r-patched-solaris-x86 1.0.3 148.10 NOTE
r-release-linux-x86_64 1.0.3 6.21 162.26 168.47 OK
r-release-windows-ix86+x86_64 1.0.3 12.00 151.00 163.00 OK
r-release-osx-x86_64 1.0.3 NOTE
r-oldrel-windows-ix86+x86_64 1.0.3 7.00 106.00 113.00 OK
r-oldrel-osx-x86_64 1.0.3 NOTE

Check Details

Version: 1.0.3
Check: dependencies in R code
Result: NOTE
    Namespace in Imports field not imported from: ‘dplyr’
     All declared Imports should be used.
Flavors: r-devel-linux-x86_64-fedora-clang, r-devel-linux-x86_64-fedora-gcc, r-patched-solaris-x86, r-release-osx-x86_64, r-oldrel-osx-x86_64