CRAN Package Check Results for Package ggiraph

Last updated on 2022-01-25 05:54:44 CET.

Flavor Version Tinstall Tcheck Ttotal Status Flags
r-devel-linux-x86_64-debian-clang 0.8.1 129.92 195.91 325.83 OK
r-devel-linux-x86_64-debian-gcc 0.8.1 95.05 148.46 243.51 OK
r-devel-linux-x86_64-fedora-clang 0.8.1 430.92 NOTE
r-devel-linux-x86_64-fedora-gcc 0.8.1 387.99 OK
r-devel-windows-x86_64-new-UL 0.8.1 466.00 289.00 755.00 OK
r-devel-windows-x86_64-new-TK 0.8.1 OK
r-patched-linux-x86_64 0.8.1 118.77 177.86 296.63 OK
r-release-linux-x86_64 0.8.1 105.87 177.64 283.51 OK
r-release-macos-arm64 0.8.1 NOTE
r-release-macos-x86_64 0.8.1 NOTE
r-release-windows-ix86+x86_64 0.8.1 312.00 220.00 532.00 FAIL
r-oldrel-macos-x86_64 0.8.1 NOTE
r-oldrel-windows-ix86+x86_64 0.8.1 313.00 362.00 675.00 OK

Check Details

Version: 0.8.1
Check: installed package size
Result: NOTE
     installed size is 5.5Mb
     sub-directories of 1Mb or more:
     libs 3.6Mb
Flavors: r-devel-linux-x86_64-fedora-clang, r-release-macos-arm64, r-release-macos-x86_64, r-oldrel-macos-x86_64

Version: 0.8.1
Check: running examples for arch ‘x64’
Result: ERROR
    Running examples in 'ggiraph-Ex.R' failed
    The error most likely occurred in:
    
    > ### Name: geom_density_interactive
    > ### Title: Create interactive smoothed density estimates
    > ### Aliases: geom_density_interactive
    >
    > ### ** Examples
    >
    > # add interactive bar -------
    > library(ggplot2)
    Error in library(ggplot2) : there is no package called 'ggplot2'
    Execution halted
Flavor: r-release-windows-ix86+x86_64

Version: 0.8.1
Check: for unstated dependencies in ‘tests’
Result: FAIL
Flavor: r-release-windows-ix86+x86_64