CRAN Package Check Results for Package ggmap

Last updated on 2019-07-16 05:48:14 CEST.

Flavor Version Tinstall Tcheck Ttotal Status Flags
r-devel-linux-x86_64-debian-clang 3.0.0 10.20 57.85 68.05 OK
r-devel-linux-x86_64-debian-gcc 3.0.0 9.16 45.99 55.15 OK
r-devel-linux-x86_64-fedora-clang 3.0.0 80.75 OK
r-devel-linux-x86_64-fedora-gcc 3.0.0 84.74 OK
r-devel-windows-ix86+x86_64 3.0.0 28.00 107.00 135.00 OK
r-patched-linux-x86_64 3.0.0 11.34 57.43 68.77 OK
r-patched-solaris-x86 3.0.0 132.60 NOTE
r-release-linux-x86_64 3.0.0 10.22 56.69 66.91 OK
r-release-windows-ix86+x86_64 3.0.0 18.00 114.00 132.00 OK
r-release-osx-x86_64 3.0.0 OK
r-oldrel-windows-ix86+x86_64 3.0.0 19.00 99.00 118.00 OK
r-oldrel-osx-x86_64 3.0.0 OK

Check Details

Version: 3.0.0
Check: installed package size
Result: NOTE
     installed size is 5.1Mb
     sub-directories of 1Mb or more:
     data 4.5Mb
Flavor: r-patched-solaris-x86