CRAN Package Check Results for Package ggmap

Last updated on 2019-11-17 05:47:12 CET.

Flavor Version Tinstall Tcheck Ttotal Status Flags
r-devel-linux-x86_64-debian-clang 3.0.0 10.71 62.97 73.68 OK
r-devel-linux-x86_64-debian-gcc 3.0.0 9.01 49.40 58.41 OK
r-devel-linux-x86_64-fedora-clang 3.0.0 87.93 OK
r-devel-linux-x86_64-fedora-gcc 3.0.0 89.91 OK
r-devel-windows-ix86+x86_64 3.0.0 38.00 108.00 146.00 OK
r-patched-linux-x86_64 3.0.0 9.89 58.30 68.19 OK
r-patched-solaris-x86 3.0.0 131.40 NOTE
r-release-linux-x86_64 3.0.0 10.06 57.63 67.69 OK
r-release-windows-ix86+x86_64 3.0.0 20.00 80.00 100.00 OK
r-release-osx-x86_64 3.0.0 OK
r-oldrel-windows-ix86+x86_64 3.0.0 14.00 70.00 84.00 OK
r-oldrel-osx-x86_64 3.0.0 OK

Check Details

Version: 3.0.0
Check: installed package size
Result: NOTE
     installed size is 5.1Mb
     sub-directories of 1Mb or more:
     data 4.5Mb
Flavor: r-patched-solaris-x86