CRAN Package Check Results for Package ggquickeda

Last updated on 2019-07-16 05:48:14 CEST.

Flavor Version Tinstall Tcheck Ttotal Status Flags
r-devel-linux-x86_64-debian-clang 0.1.3 10.36 76.20 86.56 OK
r-devel-linux-x86_64-debian-gcc 0.1.3 7.97 58.78 66.75 OK
r-devel-linux-x86_64-fedora-clang 0.1.3 104.75 NOTE
r-devel-linux-x86_64-fedora-gcc 0.1.3 102.50 NOTE
r-devel-windows-ix86+x86_64 0.1.3 31.00 124.00 155.00 OK
r-patched-linux-x86_64 0.1.3 8.19 72.47 80.66 OK
r-patched-solaris-x86 0.1.3 155.40 NOTE
r-release-linux-x86_64 0.1.3 9.22 72.77 81.99 OK
r-release-windows-ix86+x86_64 0.1.3 24.00 134.00 158.00 OK
r-release-osx-x86_64 0.1.3 NOTE
r-oldrel-windows-ix86+x86_64 0.1.3 19.00 113.00 132.00 OK
r-oldrel-osx-x86_64 0.1.3 NOTE

Check Details

Version: 0.1.3
Check: dependencies in R code
Result: NOTE
    Namespaces in Imports field not imported from:
     ‘DT’ ‘Formula’ ‘GGally’ ‘Hmisc’ ‘colourpicker’ ‘dplyr’ ‘ggpmisc’
     ‘ggpubr’ ‘ggrepel’ ‘ggstance’ ‘grDevices’ ‘gridExtra’ ‘lazyeval’
     ‘markdown’ ‘plotly’ ‘quantreg’ ‘rlang’ ‘shinyjs’ ‘survminer’ ‘table1’
     ‘tidyr’
     All declared Imports should be used.
Flavors: r-devel-linux-x86_64-fedora-clang, r-devel-linux-x86_64-fedora-gcc, r-patched-solaris-x86, r-release-osx-x86_64, r-oldrel-osx-x86_64