CRAN Package Check Results for Package ggraptR

Last updated on 2019-08-18 05:46:15 CEST.

Flavor Version Tinstall Tcheck Ttotal Status Flags
r-devel-linux-x86_64-debian-clang 1.1 4.60 41.25 45.85 OK
r-devel-linux-x86_64-debian-gcc 1.1 4.30 32.51 36.81 OK
r-devel-linux-x86_64-fedora-clang 1.1 58.43 OK
r-devel-linux-x86_64-fedora-gcc 1.1 52.41 OK
r-devel-windows-ix86+x86_64 1.1 25.00 96.00 121.00 OK
r-patched-linux-x86_64 1.1 4.35 39.84 44.19 OK
r-patched-solaris-x86 1.1 91.00 OK
r-release-linux-x86_64 1.1 4.52 40.09 44.61 OK
r-release-windows-ix86+x86_64 1.1 21.00 97.00 118.00 OK
r-release-osx-x86_64 1.1 OK
r-oldrel-windows-ix86+x86_64 1.1 11.00 95.00 106.00 OK
r-oldrel-osx-x86_64 1.1 WARN

Check Details

Version: 1.1
Check: whether package can be installed
Result: WARN
    Found the following significant warnings:
     Warning: package ‘dplyr’ was built under R version 3.5.1
Flavor: r-oldrel-osx-x86_64