CRAN Package Check Results for Package ggraptR

Last updated on 2019-05-25 05:46:43 CEST.

Flavor Version Tinstall Tcheck Ttotal Status Flags
r-devel-linux-x86_64-debian-clang 1.1 4.58 41.30 45.88 OK
r-devel-linux-x86_64-debian-gcc 1.1 3.50 32.70 36.20 OK
r-devel-linux-x86_64-fedora-clang 1.1 55.42 OK
r-devel-linux-x86_64-fedora-gcc 1.1 54.67 OK
r-devel-windows-ix86+x86_64 1.1 11.00 63.00 74.00 OK
r-patched-linux-x86_64 1.1 OK
r-patched-solaris-x86 1.1 90.80 OK
r-release-linux-x86_64 1.1 4.50 40.38 44.88 OK
r-release-windows-ix86+x86_64 1.1 23.00 98.00 121.00 OK
r-release-osx-x86_64 1.1 OK
r-oldrel-windows-ix86+x86_64 1.1 11.00 64.00 75.00 OK
r-oldrel-osx-x86_64 1.1 WARN

Check Details

Version: 1.1
Check: whether package can be installed
Result: WARN
    Found the following significant warnings:
     Warning: package ‘dplyr’ was built under R version 3.5.1
Flavor: r-oldrel-osx-x86_64