CRAN Package Check Results for Package ggspatial

Last updated on 2022-01-25 05:54:44 CET.

Flavor Version Tinstall Tcheck Ttotal Status Flags
r-devel-linux-x86_64-debian-clang 1.1.5 10.63 154.46 165.09 NOTE
r-devel-linux-x86_64-debian-gcc 1.1.5 8.43 115.82 124.25 NOTE
r-devel-linux-x86_64-fedora-clang 1.1.5 209.52 NOTE
r-devel-linux-x86_64-fedora-gcc 1.1.5 199.88 NOTE
r-devel-windows-x86_64-new-UL 1.1.5 226.00 197.00 423.00 NOTE
r-devel-windows-x86_64-new-TK 1.1.5 NOTE
r-patched-linux-x86_64 1.1.5 13.75 142.94 156.69 NOTE
r-release-linux-x86_64 1.1.5 10.37 142.51 152.88 NOTE
r-release-macos-arm64 1.1.5 NOTE
r-release-macos-x86_64 1.1.5 NOTE
r-release-windows-ix86+x86_64 1.1.5 23.00 185.00 208.00 NOTE
r-oldrel-macos-x86_64 1.1.5 OK
r-oldrel-windows-ix86+x86_64 1.1.5 24.00 187.00 211.00 OK

Check Details

Version: 1.1.5
Check: LazyData
Result: NOTE
     'LazyData' is specified without a 'data' directory
Flavors: r-devel-linux-x86_64-debian-clang, r-devel-linux-x86_64-debian-gcc, r-devel-linux-x86_64-fedora-clang, r-devel-linux-x86_64-fedora-gcc, r-devel-windows-x86_64-new-UL, r-devel-windows-x86_64-new-TK, r-patched-linux-x86_64, r-release-linux-x86_64, r-release-macos-arm64, r-release-macos-x86_64, r-release-windows-ix86+x86_64