CRAN Package Check Results for Package gif

Last updated on 2020-12-02 05:48:05 CET.

Flavor Version Tinstall Tcheck Ttotal Status Flags
r-devel-linux-x86_64-debian-clang 0.1.0 47.44 70.35 117.79 OK
r-devel-linux-x86_64-debian-gcc 0.1.0 27.60 54.87 82.47 OK
r-devel-linux-x86_64-fedora-clang 0.1.0 145.13 NOTE
r-devel-linux-x86_64-fedora-gcc 0.1.0 129.47 OK
r-devel-windows-ix86+x86_64 0.1.0 86.00 130.00 216.00 OK
r-patched-linux-x86_64 0.1.0 28.38 68.99 97.37 OK
r-patched-solaris-x86 0.1.0 158.60 OK
r-release-linux-x86_64 0.1.0 33.45 67.98 101.43 OK
r-release-macos-x86_64 0.1.0 NOTE
r-release-windows-ix86+x86_64 0.1.0 87.00 98.00 185.00 OK
r-oldrel-macos-x86_64 0.1.0 NOTE
r-oldrel-windows-ix86+x86_64 0.1.0 57.00 117.00 174.00 OK

Check Details

Version: 0.1.0
Check: installed package size
Result: NOTE
     installed size is 5.8Mb
     sub-directories of 1Mb or more:
     doc 1.1Mb
     libs 4.4Mb
Flavors: r-devel-linux-x86_64-fedora-clang, r-release-macos-x86_64, r-oldrel-macos-x86_64