Last updated on 2022-05-20 05:54:29 CEST.
Flavor | Version | Tinstall | Tcheck | Ttotal | Status | Flags |
---|---|---|---|---|---|---|
r-devel-linux-x86_64-debian-clang | 0.2.1 | 45.36 | 39.36 | 84.72 | OK | |
r-devel-linux-x86_64-debian-gcc | 0.2.1 | 38.22 | 30.06 | 68.28 | OK | |
r-devel-linux-x86_64-fedora-clang | 0.2.1 | 118.17 | OK | |||
r-devel-linux-x86_64-fedora-gcc | 0.2.1 | 109.64 | OK | |||
r-devel-windows-x86_64 | 0.2.1 | 45.00 | 74.00 | 119.00 | OK | |
r-patched-linux-x86_64 | 0.2.1 | 38.14 | 37.32 | 75.46 | OK | |
r-release-linux-x86_64 | 0.2.1 | 40.98 | 37.76 | 78.74 | OK | |
r-release-macos-arm64 | 0.2.1 | 31.00 | OK | |||
r-release-macos-x86_64 | 0.2.1 | 55.00 | OK | |||
r-release-windows-x86_64 | 0.2.1 | 44.00 | 78.00 | 122.00 | OK | |
r-oldrel-macos-arm64 | 0.2.1 | 38.00 | NOTE | |||
r-oldrel-macos-x86_64 | 0.2.1 | 79.00 | OK | |||
r-oldrel-windows-ix86+x86_64 | 0.2.1 | 111.00 | 83.00 | 194.00 | OK |
Version: 0.2.1
Check: installed package size
Result: NOTE
installed size is 5.5Mb
sub-directories of 1Mb or more:
libs 4.9Mb
Flavor: r-oldrel-macos-arm64