CRAN Package Check Results for Package giscoR

Last updated on 2022-12-08 06:56:43 CET.

Flavor Version Tinstall Tcheck Ttotal Status Flags
r-devel-linux-x86_64-debian-clang 0.3.2 3.96 58.86 62.82 OK
r-devel-linux-x86_64-debian-gcc 0.3.2 3.34 47.85 51.19 OK
r-devel-linux-x86_64-fedora-clang 0.3.2 90.59 NOTE
r-devel-linux-x86_64-fedora-gcc 0.3.2 94.33 NOTE
r-devel-windows-x86_64 0.3.2 31.00 110.00 141.00 OK
r-patched-linux-x86_64 0.3.2 4.81 53.73 58.54 OK
r-release-linux-x86_64 0.3.2 4.06 53.67 57.73 OK
r-release-macos-arm64 0.3.2 36.00 NOTE
r-release-macos-x86_64 0.3.2 45.00 NOTE
r-release-windows-x86_64 0.3.2 34.00 93.00 127.00 OK
r-oldrel-macos-arm64 0.3.2 35.00 NOTE
r-oldrel-macos-x86_64 0.3.2 49.00 NOTE
r-oldrel-windows-ix86+x86_64 0.3.2 9.00 87.00 96.00 OK

Additional issues

donttest

Check Details

Version: 0.3.2
Check: data for non-ASCII characters
Result: NOTE
     Note: found 1178 marked UTF-8 strings
Flavors: r-devel-linux-x86_64-fedora-clang, r-devel-linux-x86_64-fedora-gcc, r-release-macos-arm64, r-release-macos-x86_64, r-oldrel-macos-arm64, r-oldrel-macos-x86_64