CRAN Package Check Results for Package gitgadget

Last updated on 2021-11-28 05:49:35 CET.

Flavor Version Tinstall Tcheck Ttotal Status Flags
r-devel-linux-x86_64-debian-clang 0.6.4 OK
r-devel-linux-x86_64-debian-gcc 0.6.4 5.72 42.79 48.51 OK
r-devel-linux-x86_64-fedora-clang 0.6.4 90.64 NOTE
r-devel-linux-x86_64-fedora-gcc 0.6.4 73.80 NOTE
r-devel-windows-x86_64-new-UL 0.6.4 17.00 99.00 116.00 OK
r-devel-windows-x86_64-new-TK 0.6.4 NOTE
r-devel-windows-x86_64-old 0.6.4 9.00 81.00 90.00 OK
r-patched-linux-x86_64 0.6.4 7.39 52.22 59.61 OK
r-patched-solaris-x86 0.6.4 106.40 NOTE
r-release-linux-x86_64 0.6.4 5.87 52.76 58.63 OK
r-release-macos-arm64 0.6.4 NOTE
r-release-macos-x86_64 0.6.4 NOTE
r-release-windows-ix86+x86_64 0.6.4 18.00 58.00 76.00 OK
r-oldrel-macos-x86_64 0.6.4 NOTE
r-oldrel-windows-ix86+x86_64 0.6.4 38.00 82.00 120.00 OK

Check Details

Version: 0.6.4
Check: dependencies in R code
Result: NOTE
    Namespace in Imports field not imported from: ‘shinyFiles’
     All declared Imports should be used.
Flavors: r-devel-linux-x86_64-fedora-clang, r-devel-linux-x86_64-fedora-gcc, r-devel-windows-x86_64-new-TK, r-patched-solaris-x86, r-release-macos-arm64, r-release-macos-x86_64, r-oldrel-macos-x86_64