CRAN Package Check Results for Package gitlink

Last updated on 2022-01-18 05:50:14 CET.

Flavor Version Tinstall Tcheck Ttotal Status Flags
r-devel-linux-x86_64-debian-clang 0.1.3 2.16 34.91 37.07 NOTE
r-devel-linux-x86_64-debian-gcc 0.1.3 1.42 27.48 28.90 NOTE
r-devel-linux-x86_64-fedora-clang 0.1.3 46.01 NOTE
r-devel-linux-x86_64-fedora-gcc 0.1.3 35.17 NOTE
r-devel-windows-x86_64-new-UL 0.1.3 23.00 52.00 75.00 NOTE
r-devel-windows-x86_64-new-TK 0.1.3 NOTE
r-patched-linux-x86_64 0.1.3 1.79 34.10 35.89 NOTE
r-release-linux-x86_64 0.1.3 NOTE
r-release-macos-arm64 0.1.3 NOTE
r-release-macos-x86_64 0.1.3 NOTE
r-release-windows-ix86+x86_64 0.1.3 5.00 46.00 51.00 NOTE
r-oldrel-macos-x86_64 0.1.3 OK
r-oldrel-windows-ix86+x86_64 0.1.3 6.00 45.00 51.00 OK

Check Details

Version: 0.1.3
Check: LazyData
Result: NOTE
     'LazyData' is specified without a 'data' directory
Flavors: r-devel-linux-x86_64-debian-clang, r-devel-linux-x86_64-debian-gcc, r-devel-linux-x86_64-fedora-clang, r-devel-linux-x86_64-fedora-gcc, r-devel-windows-x86_64-new-UL, r-devel-windows-x86_64-new-TK, r-patched-linux-x86_64, r-release-linux-x86_64, r-release-macos-arm64, r-release-macos-x86_64, r-release-windows-ix86+x86_64