CRAN Package Check Results for Package gjam

Last updated on 2024-05-25 06:56:57 CEST.

Flavor Version Tinstall Tcheck Ttotal Status Flags
r-devel-linux-x86_64-debian-clang 2.6.2 65.28 122.02 187.30 NOTE
r-devel-linux-x86_64-debian-gcc 2.6.2 48.74 85.57 134.31 NOTE
r-devel-linux-x86_64-fedora-clang 2.6.2 243.07 NOTE
r-devel-linux-x86_64-fedora-gcc 2.6.2 263.38 NOTE
r-devel-windows-x86_64 2.6.2 52.00 117.00 169.00 NOTE
r-patched-linux-x86_64 2.6.2 54.98 118.39 173.37 NOTE
r-release-linux-x86_64 2.6.2 59.17 113.94 173.11 NOTE
r-release-macos-arm64 2.6.2 61.00 NOTE
r-release-windows-x86_64 2.6.2 53.00 104.00 157.00 NOTE
r-oldrel-macos-arm64 2.6.2 71.00 NOTE
r-oldrel-macos-x86_64 2.6.2 118.00 NOTE
r-oldrel-windows-x86_64 2.6.2 66.00 135.00 201.00 NOTE

Check Details

Version: 2.6.2
Check: C++ specification
Result: NOTE Specified C++11: please drop specification unless essential Flavors: r-devel-linux-x86_64-debian-clang, r-devel-linux-x86_64-debian-gcc, r-devel-linux-x86_64-fedora-clang, r-devel-linux-x86_64-fedora-gcc, r-devel-windows-x86_64, r-patched-linux-x86_64, r-release-linux-x86_64, r-release-macos-arm64, r-release-windows-x86_64, r-oldrel-macos-arm64, r-oldrel-macos-x86_64, r-oldrel-windows-x86_64

Version: 2.6.2
Check: Rd files
Result: NOTE checkRd: (-1) gjamCensorY.Rd:27: Lost braces; missing escapes or markup? 27 | \item{\code{y}}{n by S matrix updated with censored {values} substituted for | ^ checkRd: (-1) gjamFillMissingTimes.Rd:32: Lost braces 32 | Missing times in the data occur where there are gaps in \code{timeCol} column of \code{xdata} and the initial time \code{0} for each sequence. New versions of the data have \code{NA} (\code{xdata}) or prior values with appropriate weight (\code{ydata}). Missing times are filled in \code{xdata, ydata, edata}, including a time \code{0} which serves as a prior mean for \code{ydata} for time code{1}. The group and time indices in columns \code{groupCol} and \code{timeCol} of \code{xdata} reference the time for a given time series. Missing values in the columns \code{groupVars} of \code{xdata} are filled automatically filled in. This assumes that values for these variables are fixed for the group. If \code{FILLMEANS}, the missing values in \code{ydata} are filled with means for the group and given a low weight specified in \code{missingEffort}. | ^ Flavors: r-devel-linux-x86_64-debian-clang, r-devel-linux-x86_64-debian-gcc, r-devel-linux-x86_64-fedora-clang, r-devel-linux-x86_64-fedora-gcc, r-devel-windows-x86_64, r-patched-linux-x86_64, r-release-linux-x86_64, r-release-macos-arm64, r-release-windows-x86_64