CRAN Package Check Results for Package glamlasso

Last updated on 2019-12-07 05:47:33 CET.

Flavor Version Tinstall Tcheck Ttotal Status Flags
r-devel-linux-x86_64-debian-clang 3.0 121.15 29.63 150.78 OK
r-devel-linux-x86_64-debian-gcc 3.0 96.62 23.13 119.75 OK
r-devel-linux-x86_64-fedora-clang 3.0 212.70 NOTE
r-devel-linux-x86_64-fedora-gcc 3.0 199.13 OK
r-devel-windows-ix86+x86_64 3.0 141.00 92.00 233.00 OK
r-devel-windows-ix86+x86_64-gcc8 3.0 148.00 77.00 225.00 OK
r-patched-linux-x86_64 3.0 72.25 27.46 99.71 OK
r-patched-solaris-x86 3.0 184.00 OK
r-release-linux-x86_64 3.0 73.38 27.66 101.04 OK
r-release-windows-ix86+x86_64 3.0 183.00 62.00 245.00 OK
r-release-osx-x86_64 3.0 NOTE
r-oldrel-windows-ix86+x86_64 3.0 128.00 87.00 215.00 OK
r-oldrel-osx-x86_64 3.0 NOTE

Additional issues

valgrind

Check Details

Version: 3.0
Check: installed package size
Result: NOTE
     installed size is 10.2Mb
     sub-directories of 1Mb or more:
     libs 10.0Mb
Flavors: r-devel-linux-x86_64-fedora-clang, r-release-osx-x86_64, r-oldrel-osx-x86_64