CRAN Package Check Results for Package glamlasso

Last updated on 2019-08-21 05:46:53 CEST.

Flavor Version Tinstall Tcheck Ttotal Status Flags
r-devel-linux-x86_64-debian-clang 3.0 114.37 27.52 141.89 OK
r-devel-linux-x86_64-debian-gcc 3.0 100.62 22.52 123.14 OK
r-devel-linux-x86_64-fedora-clang 3.0 212.90 NOTE
r-devel-linux-x86_64-fedora-gcc 3.0 208.27 OK
r-devel-windows-ix86+x86_64 3.0 179.00 92.00 271.00 OK
r-patched-linux-x86_64 3.0 71.21 28.40 99.61 OK
r-patched-solaris-x86 3.0 193.10 OK
r-release-linux-x86_64 3.0 71.24 28.12 99.36 OK
r-release-windows-ix86+x86_64 3.0 136.00 63.00 199.00 OK
r-release-osx-x86_64 3.0 NOTE
r-oldrel-windows-ix86+x86_64 3.0 166.00 84.00 250.00 OK
r-oldrel-osx-x86_64 3.0 NOTE

Additional issues

valgrind

Check Details

Version: 3.0
Check: installed package size
Result: NOTE
     installed size is 10.1Mb
     sub-directories of 1Mb or more:
     libs 9.9Mb
Flavors: r-devel-linux-x86_64-fedora-clang, r-release-osx-x86_64, r-oldrel-osx-x86_64