CRAN Package Check Results for Package gld

Last updated on 2024-06-24 06:49:12 CEST.

Flavor Version Tinstall Tcheck Ttotal Status Flags
r-devel-linux-x86_64-debian-clang 2.6.6 6.42 51.11 57.53 NOTE
r-devel-linux-x86_64-debian-gcc 2.6.6 5.88 37.43 43.31 NOTE
r-devel-linux-x86_64-fedora-clang 2.6.6 76.73 NOTE
r-devel-linux-x86_64-fedora-gcc 2.6.6 69.50 NOTE
r-devel-windows-x86_64 2.6.6 10.00 68.00 78.00 NOTE
r-patched-linux-x86_64 2.6.6 6.96 48.31 55.27 NOTE
r-release-linux-x86_64 2.6.6 6.40 48.46 54.86 NOTE
r-release-macos-arm64 2.6.6 30.00 NOTE
r-release-macos-x86_64 2.6.6 35.00 NOTE
r-release-windows-x86_64 2.6.6 13.00 66.00 79.00 NOTE
r-oldrel-macos-arm64 2.6.6 28.00 OK
r-oldrel-macos-x86_64 2.6.6 37.00 OK
r-oldrel-windows-x86_64 2.6.6 13.00 73.00 86.00 OK

Check Details

Version: 2.6.6
Check: Rd files
Result: NOTE checkRd: (-1) GeneralisedLambdaDistribution.Rd:60: Lost braces; missing escapes or markup? 60 | \code{gpd} uses GPD parameterisation, see {van Staden and Loots (2009)} | ^ checkRd: (-1) gld.lmoments.Rd:15: Lost braces in \itemize; meant \describe ? checkRd: (-1) gld.lmoments.Rd:16: Lost braces in \itemize; meant \describe ? checkRd: (-1) gld.lmoments.Rd:17: Lost braces in \itemize; meant \describe ? checkRd: (-1) gld.lmoments.Rd:18: Lost braces in \itemize; meant \describe ? checkRd: (-1) gld.moments.Rd:14: Lost braces 14 | {\eqn{\lambda_1}{lambda 1} location parameter} | ^ checkRd: (-1) gld.moments.Rd:15: Lost braces 15 | {\eqn{\lambda_2}{lambda 2} - scale parameter} | ^ checkRd: (-1) gld.moments.Rd:16: Lost braces 16 | {\eqn{\lambda_3}{lambda 3} - first shape parameter} | ^ checkRd: (-1) gld.moments.Rd:17: Lost braces 17 | {\eqn{\lambda_4}{lambda 4} - second shape parameter} | ^ Flavors: r-devel-linux-x86_64-debian-clang, r-devel-linux-x86_64-debian-gcc, r-devel-linux-x86_64-fedora-clang, r-devel-linux-x86_64-fedora-gcc, r-devel-windows-x86_64, r-patched-linux-x86_64, r-release-linux-x86_64, r-release-macos-arm64, r-release-macos-x86_64, r-release-windows-x86_64