Last updated on 2021-01-23 05:47:04 CET.
Flavor | Version | Tinstall | Tcheck | Ttotal | Status | Flags |
---|---|---|---|---|---|---|
r-devel-linux-x86_64-debian-clang | 0.1.4 | 188.85 | 129.59 | 318.44 | NOTE | |
r-devel-linux-x86_64-debian-gcc | 0.1.4 | 140.58 | 101.96 | 242.54 | NOTE | |
r-devel-linux-x86_64-fedora-clang | 0.1.4 | 406.25 | NOTE | |||
r-devel-linux-x86_64-fedora-gcc | 0.1.4 | 408.25 | NOTE | |||
r-devel-windows-ix86+x86_64 | 0.1.4 | 358.00 | 233.00 | 591.00 | NOTE | |
r-patched-linux-x86_64 | 0.1.4 | 155.93 | 128.32 | 284.25 | NOTE | |
r-patched-solaris-x86 | 0.1.4 | 423.70 | NOTE | |||
r-release-linux-x86_64 | 0.1.4 | 155.71 | 128.87 | 284.58 | NOTE | |
r-release-macos-x86_64 | 0.1.4 | NOTE | ||||
r-release-windows-ix86+x86_64 | 0.1.4 | 355.00 | 250.00 | 605.00 | NOTE | |
r-oldrel-macos-x86_64 | 0.1.4 | NOTE | ||||
r-oldrel-windows-ix86+x86_64 | 0.1.4 | 247.00 | 164.00 | 411.00 | NOTE |
Version: 0.1.4
Check: for GNU extensions in Makefiles
Result: NOTE
GNU make is a SystemRequirements.
Flavors: r-devel-linux-x86_64-debian-clang, r-devel-linux-x86_64-debian-gcc, r-devel-linux-x86_64-fedora-clang, r-devel-linux-x86_64-fedora-gcc, r-devel-windows-ix86+x86_64, r-patched-linux-x86_64, r-patched-solaris-x86, r-release-linux-x86_64, r-release-macos-x86_64, r-release-windows-ix86+x86_64, r-oldrel-macos-x86_64, r-oldrel-windows-ix86+x86_64
Version: 0.1.4
Check: installed package size
Result: NOTE
installed size is 47.5Mb
sub-directories of 1Mb or more:
libs 46.8Mb
Flavors: r-devel-linux-x86_64-fedora-clang, r-devel-windows-ix86+x86_64, r-release-macos-x86_64, r-release-windows-ix86+x86_64, r-oldrel-macos-x86_64, r-oldrel-windows-ix86+x86_64