CRAN Package Check Results for Package glmnetUtils

Last updated on 2021-03-02 05:47:42 CET.

Flavor Version Tinstall Tcheck Ttotal Status Flags
r-devel-linux-x86_64-debian-clang 1.1.8 OK
r-devel-linux-x86_64-debian-gcc 1.1.8 6.13 290.47 296.60 OK
r-devel-linux-x86_64-fedora-clang 1.1.8 457.37 OK
r-devel-linux-x86_64-fedora-gcc 1.1.8 458.81 OK
r-devel-windows-ix86+x86_64 1.1.6 12.00 129.00 141.00 OK
r-patched-linux-x86_64 1.1.8 6.77 382.81 389.58 OK
r-patched-solaris-x86 1.1.8 308.10 OK
r-release-linux-x86_64 1.1.8 6.69 378.42 385.11 OK
r-release-macos-x86_64 1.1.8 OK
r-release-windows-ix86+x86_64 1.1.6 18.00 173.00 191.00 OK
r-oldrel-macos-x86_64 1.1.8 WARN
r-oldrel-windows-ix86+x86_64 1.1.6 11.00 164.00 175.00 OK

Check Details

Version: 1.1.8
Check: re-building of vignette outputs
Result: WARN
    Error(s) in re-building vignettes:
     ...
    --- re-building ‘intro.rmd’ using rmarkdown
    Warning in engine$weave(file, quiet = quiet, encoding = enc) :
     Pandoc (>= 1.12.3) and/or pandoc-citeproc not available. Falling back to R Markdown v1.
    trying URL 'https://web.stanford.edu/~hastie/glmnet/glmnetData/Leukemia.RData'
    Quitting from lines 167-173 (intro.rmd)
    Error: processing vignette 'intro.rmd' failed with diagnostics:
    cannot open URL 'https://web.stanford.edu/~hastie/glmnet/glmnetData/Leukemia.RData'
    --- failed re-building ‘intro.rmd’
    
    SUMMARY: processing the following file failed:
     ‘intro.rmd’
    
    Error: Vignette re-building failed.
    Execution halted
Flavor: r-oldrel-macos-x86_64