CRAN Package Check Results for Package globalKinhom

Last updated on 2022-01-25 05:54:44 CET.

Flavor Version Tinstall Tcheck Ttotal Status Flags
r-devel-linux-x86_64-debian-clang 0.1.3 10.30 117.31 127.61 OK
r-devel-linux-x86_64-debian-gcc 0.1.3 9.29 91.24 100.53 OK
r-devel-linux-x86_64-fedora-clang 0.1.3 152.65 OK
r-devel-linux-x86_64-fedora-gcc 0.1.3 147.32 OK
r-devel-windows-x86_64-new-UL 0.1.3 55.00 157.00 212.00 OK
r-devel-windows-x86_64-new-TK 0.1.3 OK
r-patched-linux-x86_64 0.1.3 15.96 111.60 127.56 OK
r-release-linux-x86_64 0.1.3 6.47 111.03 117.50 OK
r-release-macos-arm64 0.1.3 OK
r-release-macos-x86_64 0.1.3 OK
r-release-windows-ix86+x86_64 0.1.3 24.00 239.00 263.00 OK
r-oldrel-macos-x86_64 0.1.3 OK
r-oldrel-windows-ix86+x86_64 0.1.3 24.00 145.00 169.00 ERROR

Check Details

Version: 0.1.3
Check: running examples for arch ‘x64’
Result: ERROR
    Running examples in 'globalKinhom-Ex.R' failed
    The error occurred in:
    
    
    R version 4.0.5 (2021-03-31) -- "Shake and Throw"
    Copyright (C) 2021 The R Foundation for Statistical Computing
    Platform: x86_64-w64-mingw32/x64 (64-bit)
    
    R is free software and comes with ABSOLUTELY NO WARRANTY.
    You are welcome to redistribute it under certain conditions.
    Type 'license()' or 'licence()' for distribution details.
    
     Natural language support but running in an English locale
    
    R is a collaborative project with many contributors.
    Type 'contributors()' for more information and
    'citation()' on how to cite R or R packages in publications.
    
    Type 'demo()' for some demos, 'help()' for on-line help, or
    'help.start()' for an HTML browser interface to help.
    Type 'q()' to quit R.
    
    > pkgname <- "globalKinhom"
    > source(file.path(R.home("share"), "R", "examples-header.R"))
    > options(warn = 1)
    > options(pager = "console")
    > library('globalKinhom')
    Loading required package: spatstat
    Loading required package: spatstat.data
    Loading required package: spatstat.geom
    spatstat.geom 2.3-1
    Loading required package: spatstat.core
    Loading required package: nlme
    Loading required package: rpart
    spatstat.core 2.3-2
    Loading required package: spatstat.linnet
    Warning in read.dcf(file.path(p, "DESCRIPTION"), c("Package", "Version")) :
     cannot open compressed file 'D:/temp/RtmpKirKTF/RLIBS_12b6851285369/spatstat.geom/DESCRIPTION', probable reason 'No such file or directory'
    Error: package 'spatstat.geom' required by 'spatstat.linnet' could not be found
    Execution halted
Flavor: r-oldrel-windows-ix86+x86_64

Version: 0.1.3
Check: running tests for arch ‘i386’
Result: ERROR
     Running 'tests.R' [0s]
    Running the tests in 'tests/tests.R' failed.
    Complete output:
     > require(globalKinhom)
     Loading required package: globalKinhom
     Warning message:
     In library(package, lib.loc = lib.loc, character.only = TRUE, logical.return = TRUE, :
     there is no package called 'globalKinhom'
     >
     > set.seed(49)
     >
     > lambda <- funxy(function(x,y) 200*(.5*exp(-((x-.5)^2 + (y-.5)^2)*2) + .5), owin())
     Error in funxy(function(x, y) 200 * (0.5 * exp(-((x - 0.5)^2 + (y - 0.5)^2) * :
     could not find function "funxy"
     Execution halted
Flavor: r-oldrel-windows-ix86+x86_64

Version: 0.1.3
Check: running tests for arch ‘x64’
Result: ERROR
     Running 'tests.R' [0s]
    Running the tests in 'tests/tests.R' failed.
    Complete output:
     > require(globalKinhom)
     Loading required package: globalKinhom
     Warning message:
     In library(package, lib.loc = lib.loc, character.only = TRUE, logical.return = TRUE, :
     there is no package called 'globalKinhom'
     >
     > set.seed(49)
     >
     > lambda <- funxy(function(x,y) 200*(.5*exp(-((x-.5)^2 + (y-.5)^2)*2) + .5), owin())
     Error in funxy(function(x, y) 200 * (0.5 * exp(-((x - 0.5)^2 + (y - 0.5)^2) * :
     could not find function "funxy"
     Execution halted
Flavor: r-oldrel-windows-ix86+x86_64