CRAN Package Check Results for Package glow

Last updated on 2020-12-02 05:48:06 CET.

Flavor Version Tinstall Tcheck Ttotal Status Flags
r-devel-linux-x86_64-debian-clang 0.10.1 51.03 56.93 107.96 OK
r-devel-linux-x86_64-debian-gcc 0.10.1 27.69 42.76 70.45 OK
r-devel-linux-x86_64-fedora-clang 0.10.1 127.63 NOTE
r-devel-linux-x86_64-fedora-gcc 0.10.1 117.01 NOTE
r-devel-windows-ix86+x86_64 0.10.1 82.00 120.00 202.00 OK
r-patched-linux-x86_64 0.10.1 30.16 55.11 85.27 OK
r-patched-solaris-x86 0.10.1 133.40 NOTE
r-release-linux-x86_64 0.10.1 31.28 54.38 85.66 OK
r-release-macos-x86_64 0.10.1 NOTE
r-release-windows-ix86+x86_64 0.10.1 61.00 95.00 156.00 OK
r-oldrel-macos-x86_64 0.10.1 NOTE
r-oldrel-windows-ix86+x86_64 0.10.1 72.00 124.00 196.00 OK

Check Details

Version: 0.10.1
Check: installed package size
Result: NOTE
     installed size is 11.6Mb
     sub-directories of 1Mb or more:
     doc 2.4Mb
     libs 9.0Mb
Flavors: r-devel-linux-x86_64-fedora-clang, r-release-macos-x86_64, r-oldrel-macos-x86_64

Version: 0.10.1
Check: dependencies in R code
Result: NOTE
    Namespace in Imports field not imported from: ‘scales’
     All declared Imports should be used.
Flavors: r-devel-linux-x86_64-fedora-clang, r-devel-linux-x86_64-fedora-gcc, r-patched-solaris-x86, r-release-macos-x86_64, r-oldrel-macos-x86_64