CRAN Package Check Results for Package gmnl

Last updated on 2022-01-22 05:10:18 CET.

Flavor Version Tinstall Tcheck Ttotal Status Flags
r-devel-linux-x86_64-debian-clang 1.1-3.2 12.20 110.37 122.57 OK
r-devel-linux-x86_64-debian-gcc 1.1-3.2 10.71 82.52 93.23 OK
r-devel-linux-x86_64-fedora-clang 1.1-3.2 148.68 NOTE
r-devel-linux-x86_64-fedora-gcc 1.1-3.2 134.32 OK
r-devel-windows-x86_64-new-UL 1.1-3.2 27.00 119.00 146.00 OK
r-devel-windows-x86_64-new-TK 1.1-3.2 OK
r-patched-linux-x86_64 1.1-3.2 10.84 103.93 114.77 OK
r-release-linux-x86_64 1.1-3.2 12.89 104.68 117.57 OK
r-release-macos-arm64 1.1-3.2 OK
r-release-macos-x86_64 1.1-3.2 OK
r-release-windows-ix86+x86_64 1.1-3.2 27.00 125.00 152.00 OK
r-oldrel-macos-x86_64 1.1-3.2 OK
r-oldrel-windows-ix86+x86_64 1.1-3.2 28.00 125.00 153.00 OK

Check Details

Version: 1.1-3.2
Check: Rd cross-references
Result: NOTE
    Undeclared package ‘sandwich’ in Rd xrefs
Flavor: r-devel-linux-x86_64-fedora-clang