CRAN Package Check Results for Package gofCopula

Last updated on 2019-12-09 05:47:13 CET.

Flavor Version Tinstall Tcheck Ttotal Status Flags
r-devel-linux-x86_64-debian-clang 0.2-4 28.03 105.35 133.38 ERROR
r-devel-linux-x86_64-debian-gcc 0.2-4 20.38 83.27 103.65 ERROR
r-devel-linux-x86_64-fedora-clang 0.2-4 205.79 OK
r-devel-linux-x86_64-fedora-gcc 0.2-4 181.86 OK
r-devel-windows-ix86+x86_64 0.2-4 36.00 178.00 214.00 OK
r-devel-windows-ix86+x86_64-gcc8 0.2-4 38.00 147.00 185.00 OK
r-patched-linux-x86_64 0.2-4 22.95 118.38 141.33 OK
r-patched-solaris-x86 0.2-4 233.40 OK
r-release-linux-x86_64 0.2-4 23.46 117.21 140.67 OK
r-release-windows-ix86+x86_64 0.2-4 46.00 128.00 174.00 OK
r-release-osx-x86_64 0.2-4 OK
r-oldrel-windows-ix86+x86_64 0.2-4 27.00 118.00 145.00 OK
r-oldrel-osx-x86_64 0.2-4 OK

Check Details

Version: 0.2-4
Check: examples
Result: ERROR
    Running examples in 'gofCopula-Ex.R' failed
    The error most likely occurred in:
    
    > base::assign(".ptime", proc.time(), pos = "CheckExEnv")
    > ### Name: gofco
    > ### Title: Interface with copula class
    > ### Aliases: gofco
    >
    > ### ** Examples
    >
    > data(IndexReturns)
    > copObject = normalCopula()
    >
    > gofco(copObject, x = IndexReturns[c(1:100),c(1:2)], testset = c("gofPIOSRn", "gofKernel"), M = 20)
    Warning in gofHybrid(copula = copula, x = x, testset = testset, margins = margins, :
     The observations aren't in [0,1]. The margins will be estimated by the ranks of the observations.
    Warning in fitCopula.ml(copula, u = data, method = method, start = start, :
     possible convergence problem: optim() gave code=52
    Error in comb_exist[[i]] : subscript out of bounds
    Calls: gofco -> gofHybrid
    Execution halted
Flavors: r-devel-linux-x86_64-debian-clang, r-devel-linux-x86_64-debian-gcc