CRAN Package Check Results for Package goffda

Last updated on 2024-06-14 06:53:34 CEST.

Flavor Version Tinstall Tcheck Ttotal Status Flags
r-devel-linux-x86_64-debian-clang 0.1.2 44.29 126.60 170.89 OK
r-devel-linux-x86_64-debian-gcc 0.1.2 29.63 94.50 124.13 OK
r-devel-linux-x86_64-fedora-clang 0.1.2 233.19 NOTE
r-devel-linux-x86_64-fedora-gcc 0.1.2 216.28 NOTE
r-devel-windows-x86_64 0.1.2 35.00 126.00 161.00 OK
r-patched-linux-x86_64 0.1.2 27.23 119.76 146.99 OK
r-release-linux-x86_64 0.1.2 36.90 122.42 159.32 OK
r-release-macos-arm64 0.1.2 58.00 OK
r-release-macos-x86_64 0.1.2 88.00 OK
r-release-windows-x86_64 0.1.2 36.00 135.00 171.00 OK
r-oldrel-macos-arm64 0.1.2 64.00 OK
r-oldrel-macos-x86_64 0.1.2 133.00 OK
r-oldrel-windows-x86_64 0.1.2 45.00 158.00 203.00 OK

Check Details

Version: 0.1.2
Check: data for non-ASCII characters
Result: NOTE Note: found 1352 marked UTF-8 strings Flavors: r-devel-linux-x86_64-fedora-clang, r-devel-linux-x86_64-fedora-gcc