CRAN Package Check Results for Package goodpractice

Last updated on 2022-01-26 05:54:17 CET.

Flavor Version Tinstall Tcheck Ttotal Status Flags
r-devel-linux-x86_64-debian-clang 1.0.2 8.14 101.37 109.51 NOTE
r-devel-linux-x86_64-debian-gcc 1.0.2 5.96 96.16 102.12 NOTE
r-devel-linux-x86_64-fedora-clang 1.0.2 131.94 NOTE
r-devel-linux-x86_64-fedora-gcc 1.0.2 119.27 NOTE
r-devel-windows-x86_64-new-UL 1.0.2 209.00 257.00 466.00 NOTE
r-devel-windows-x86_64-new-TK 1.0.0 NOTE
r-patched-linux-x86_64 1.0.2 5.02 79.78 84.80 NOTE
r-release-linux-x86_64 1.0.2 4.93 79.73 84.66 NOTE
r-release-macos-arm64 1.0.2 NOTE
r-release-macos-x86_64 1.0.2 NOTE
r-release-windows-ix86+x86_64 1.0.2 15.00 114.00 129.00 NOTE
r-oldrel-macos-x86_64 1.0.2 OK
r-oldrel-windows-ix86+x86_64 1.0.2 15.00 118.00 133.00 OK

Check Details

Version: 1.0.2
Check: LazyData
Result: NOTE
     'LazyData' is specified without a 'data' directory
Flavors: r-devel-linux-x86_64-debian-clang, r-devel-linux-x86_64-debian-gcc, r-devel-linux-x86_64-fedora-clang, r-devel-linux-x86_64-fedora-gcc, r-devel-windows-x86_64-new-UL, r-devel-windows-x86_64-new-TK, r-patched-linux-x86_64, r-release-linux-x86_64, r-release-macos-arm64, r-release-macos-x86_64, r-release-windows-ix86+x86_64