CRAN Package Check Results for Package googleCloudStorageR

Last updated on 2021-11-30 05:53:20 CET.

Flavor Version Tinstall Tcheck Ttotal Status Flags
r-devel-linux-x86_64-debian-clang 0.6.0 5.43 44.11 49.54 NOTE
r-devel-linux-x86_64-debian-gcc 0.6.0 3.67 34.96 38.63 NOTE
r-devel-linux-x86_64-fedora-clang 0.6.0 71.11 NOTE
r-devel-linux-x86_64-fedora-gcc 0.6.0 59.95 NOTE
r-devel-windows-x86_64-new-UL 0.6.0 15.00 96.00 111.00 NOTE
r-devel-windows-x86_64-new-TK 0.6.0 NOTE
r-devel-windows-x86_64-old 0.6.0 9.00 55.00 64.00 NOTE
r-patched-linux-x86_64 0.6.0 6.70 42.26 48.96 NOTE
r-patched-solaris-x86 0.6.0 87.20 NOTE
r-release-linux-x86_64 0.6.0 4.95 43.26 48.21 NOTE
r-release-macos-arm64 0.6.0 NOTE
r-release-macos-x86_64 0.6.0 NOTE
r-release-windows-ix86+x86_64 0.6.0 12.00 49.00 61.00 NOTE
r-oldrel-macos-x86_64 0.6.0 OK
r-oldrel-windows-ix86+x86_64 0.6.0 8.00 53.00 61.00 OK

Check Details

Version: 0.6.0
Check: LazyData
Result: NOTE
     'LazyData' is specified without a 'data' directory
Flavors: r-devel-linux-x86_64-debian-clang, r-devel-linux-x86_64-debian-gcc, r-devel-linux-x86_64-fedora-clang, r-devel-linux-x86_64-fedora-gcc, r-devel-windows-x86_64-new-UL, r-devel-windows-x86_64-new-TK, r-devel-windows-x86_64-old, r-patched-linux-x86_64, r-patched-solaris-x86, r-release-linux-x86_64, r-release-macos-arm64, r-release-macos-x86_64, r-release-windows-ix86+x86_64