CRAN Package Check Results for Package googlePrintr

Last updated on 2022-05-20 05:54:29 CEST.

Flavor Version Tinstall Tcheck Ttotal Status Flags
r-devel-linux-x86_64-debian-clang 0.0.1 2.97 40.44 43.41 NOTE
r-devel-linux-x86_64-debian-gcc 0.0.1 2.64 31.48 34.12 NOTE
r-devel-linux-x86_64-fedora-clang 0.0.1 52.77 NOTE
r-devel-linux-x86_64-fedora-gcc 0.0.1 51.35 NOTE
r-devel-windows-x86_64 0.0.1 21.00 54.00 75.00 NOTE
r-patched-linux-x86_64 0.0.1 3.80 39.51 43.31 NOTE
r-release-linux-x86_64 0.0.1 3.14 39.11 42.25 NOTE
r-release-macos-arm64 0.0.1 17.00 NOTE
r-release-macos-x86_64 0.0.1 25.00 NOTE
r-release-windows-x86_64 0.0.1 8.00 58.00 66.00 NOTE
r-oldrel-macos-arm64 0.0.1 22.00 NOTE
r-oldrel-macos-x86_64 0.0.1 27.00 NOTE
r-oldrel-windows-ix86+x86_64 0.0.1 10.00 51.00 61.00 NOTE

Check Details

Version: 0.0.1
Check: LazyData
Result: NOTE
     'LazyData' is specified without a 'data' directory
Flavors: r-devel-linux-x86_64-debian-clang, r-devel-linux-x86_64-debian-gcc, r-devel-linux-x86_64-fedora-clang, r-devel-linux-x86_64-fedora-gcc, r-devel-windows-x86_64, r-patched-linux-x86_64, r-release-linux-x86_64, r-release-macos-arm64, r-release-macos-x86_64, r-release-windows-x86_64, r-oldrel-macos-arm64, r-oldrel-macos-x86_64, r-oldrel-windows-ix86+x86_64