CRAN Package Check Results for Package googleadsR

Last updated on 2024-06-23 06:56:33 CEST.

Flavor Version Tinstall Tcheck Ttotal Status Flags
r-devel-linux-x86_64-debian-clang 1.0.0 1.80 29.59 31.39 OK
r-devel-linux-x86_64-debian-gcc 1.0.0 1.39 23.49 24.88 OK
r-devel-linux-x86_64-fedora-clang 1.0.0 43.36 NOTE
r-devel-linux-x86_64-fedora-gcc 1.0.0 51.79 NOTE
r-devel-windows-x86_64 1.0.0 3.00 45.00 48.00 OK
r-patched-linux-x86_64 1.0.0 1.74 29.23 30.97 OK
r-release-linux-x86_64 1.0.0 2.15 29.57 31.72 OK
r-release-macos-arm64 1.0.0 21.00 OK
r-release-macos-x86_64 1.0.0 32.00 OK
r-release-windows-x86_64 1.0.0 2.00 46.00 48.00 OK
r-oldrel-macos-arm64 1.0.0 24.00 OK
r-oldrel-macos-x86_64 1.0.0 33.00 OK
r-oldrel-windows-x86_64 1.0.0 2.00 46.00 48.00 OK

Check Details

Version: 1.0.0
Check: data for non-ASCII characters
Result: NOTE Note: found 1 marked UTF-8 string Flavors: r-devel-linux-x86_64-fedora-clang, r-devel-linux-x86_64-fedora-gcc