CRAN Package Check Results for Package googlesheets4

Last updated on 2022-01-22 05:10:18 CET.

Flavor Version Tinstall Tcheck Ttotal Status Flags
r-devel-linux-x86_64-debian-clang 1.0.0 7.11 82.58 89.69 OK
r-devel-linux-x86_64-debian-gcc 1.0.0 6.27 62.65 68.92 OK
r-devel-linux-x86_64-fedora-clang 1.0.0 116.08 NOTE
r-devel-linux-x86_64-fedora-gcc 1.0.0 95.21 OK
r-devel-windows-x86_64-new-UL 1.0.0 352.00 117.00 469.00 OK
r-devel-windows-x86_64-new-TK 1.0.0 OK
r-patched-linux-x86_64 1.0.0 13.02 78.92 91.94 OK
r-release-linux-x86_64 1.0.0 6.02 78.19 84.21 OK
r-release-macos-arm64 1.0.0 OK
r-release-macos-x86_64 1.0.0 OK
r-release-windows-ix86+x86_64 1.0.0 16.00 97.00 113.00 OK
r-oldrel-macos-x86_64 1.0.0 OK
r-oldrel-windows-ix86+x86_64 1.0.0 17.00 122.00 139.00 OK

Check Details

Version: 1.0.0
Check: Rd cross-references
Result: NOTE
    Undeclared package ‘jsonlite’ in Rd xrefs
Flavor: r-devel-linux-x86_64-fedora-clang