CRAN Package Check Results for Package gplsim

Last updated on 2024-06-13 06:58:03 CEST.

Flavor Version Tinstall Tcheck Ttotal Status Flags
r-devel-linux-x86_64-debian-clang 1.0.0 2.90 117.75 120.65 OK
r-devel-linux-x86_64-debian-gcc 1.0.0 1.47 26.13 27.60 ERROR
r-devel-linux-x86_64-fedora-clang 1.0.0 155.82 OK
r-devel-linux-x86_64-fedora-gcc 1.0.0 147.40 OK
r-devel-windows-x86_64 1.0.0 3.00 133.00 136.00 OK
r-patched-linux-x86_64 1.0.0 2.09 102.77 104.86 OK
r-release-linux-x86_64 1.0.0 2.60 112.62 115.22 OK
r-release-macos-arm64 1.0.0 55.00 OK
r-release-macos-x86_64 1.0.0 76.00 OK
r-release-windows-x86_64 1.0.0 3.00 125.00 128.00 OK
r-oldrel-macos-arm64 1.0.0 60.00 OK
r-oldrel-macos-x86_64 1.0.0 102.00 OK
r-oldrel-windows-x86_64 1.0.0 4.00 125.00 129.00 OK

Check Details

Version: 1.0.0
Check: package dependencies
Result: NOTE Package suggested but not available for checking: ‘testthat’ Flavor: r-devel-linux-x86_64-debian-gcc

Version: 1.0.0
Check: tests
Result: ERROR Running ‘testthat.R’ [0s/1s] Running the tests in ‘tests/testthat.R’ failed. Complete output: > library(testthat) Error in library(testthat) : there is no package called 'testthat' Execution halted Flavor: r-devel-linux-x86_64-debian-gcc