Last updated on 2022-08-12 05:52:48 CEST.
Flavor | Version | Tinstall | Tcheck | Ttotal | Status | Flags |
---|---|---|---|---|---|---|
r-devel-linux-x86_64-debian-clang | 0.3 | 48.10 | 128.24 | 176.34 | NOTE | |
r-devel-linux-x86_64-debian-gcc | 0.3 | 36.52 | 96.02 | 132.54 | NOTE | |
r-devel-linux-x86_64-fedora-clang | 0.3 | 232.38 | NOTE | |||
r-devel-linux-x86_64-fedora-gcc | 0.3 | 221.11 | NOTE | |||
r-devel-windows-x86_64 | 0.3 | 53.00 | 160.00 | 213.00 | NOTE | |
r-patched-linux-x86_64 | 0.3 | 33.16 | 121.55 | 154.71 | OK | |
r-release-linux-x86_64 | 0.3 | 28.86 | 122.65 | 151.51 | OK | |
r-release-macos-arm64 | 0.3 | 57.00 | OK | |||
r-release-macos-x86_64 | 0.3 | 98.00 | OK | |||
r-release-windows-x86_64 | 0.3 | 54.00 | 165.00 | 219.00 | OK | |
r-oldrel-macos-arm64 | 0.3 | 64.00 | OK | |||
r-oldrel-macos-x86_64 | 0.3 | 77.00 | OK | |||
r-oldrel-windows-ix86+x86_64 | 0.3 | 114.00 | 201.00 | 315.00 | OK |
Version: 0.3
Check: Rd files
Result: NOTE
checkRd: (-1) mlGraphicalVAR.Rd:79: Escaped LaTeX specials: \~
Flavors: r-devel-linux-x86_64-debian-clang, r-devel-linux-x86_64-debian-gcc, r-devel-linux-x86_64-fedora-clang, r-devel-linux-x86_64-fedora-gcc, r-devel-windows-x86_64