CRAN Package Check Results for Package graphkernels

Last updated on 2020-01-28 05:50:14 CET.

Flavor Version Tinstall Tcheck Ttotal Status Flags
r-devel-linux-x86_64-debian-clang 1.6 47.46 70.62 118.08 OK
r-devel-linux-x86_64-debian-gcc 1.6 37.24 56.51 93.75 OK
r-devel-linux-x86_64-fedora-clang 1.6 150.71 NOTE
r-devel-linux-x86_64-fedora-gcc 1.6 153.22 OK
r-devel-windows-ix86+x86_64 1.6 74.00 196.00 270.00 OK
r-devel-windows-ix86+x86_64-gcc8 1.6 116.00 160.00 276.00 OK
r-patched-linux-x86_64 1.6 OK
r-patched-solaris-x86 1.6 159.50 OK
r-release-linux-x86_64 1.6 42.93 66.80 109.73 OK
r-release-windows-ix86+x86_64 1.6 78.00 133.00 211.00 OK
r-release-osx-x86_64 1.6 NOTE
r-oldrel-windows-ix86+x86_64 1.6 96.00 134.00 230.00 OK
r-oldrel-osx-x86_64 1.6 NOTE

Check Details

Version: 1.6
Check: installed package size
Result: NOTE
     installed size is 10.8Mb
     sub-directories of 1Mb or more:
     libs 10.6Mb
Flavors: r-devel-linux-x86_64-fedora-clang, r-release-osx-x86_64, r-oldrel-osx-x86_64