CRAN Package Check Results for Package graphkernels

Last updated on 2019-08-25 05:46:49 CEST.

Flavor Version Tinstall Tcheck Ttotal Status Flags
r-devel-linux-x86_64-debian-clang 1.6 42.34 64.93 107.27 OK
r-devel-linux-x86_64-debian-gcc 1.6 35.49 54.04 89.53 OK
r-devel-linux-x86_64-fedora-clang 1.6 144.23 NOTE
r-devel-linux-x86_64-fedora-gcc 1.6 147.81 OK
r-devel-windows-ix86+x86_64 1.6 75.00 175.00 250.00 OK
r-patched-linux-x86_64 1.6 43.49 68.54 112.03 OK
r-patched-solaris-x86 1.6 162.50 OK
r-release-linux-x86_64 1.6 41.27 69.13 110.40 OK
r-release-windows-ix86+x86_64 1.6 104.00 188.00 292.00 OK
r-release-osx-x86_64 1.6 NOTE
r-oldrel-windows-ix86+x86_64 1.6 102.00 182.00 284.00 OK
r-oldrel-osx-x86_64 1.6 NOTE

Check Details

Version: 1.6
Check: installed package size
Result: NOTE
     installed size is 10.8Mb
     sub-directories of 1Mb or more:
     libs 10.6Mb
Flavors: r-devel-linux-x86_64-fedora-clang, r-release-osx-x86_64, r-oldrel-osx-x86_64