CRAN Package Check Results for Package graphlayouts

Last updated on 2019-08-25 05:46:49 CEST.

Flavor Version Tinstall Tcheck Ttotal Status Flags
r-devel-linux-x86_64-debian-clang 0.5.0 44.79 29.98 74.77 OK
r-devel-linux-x86_64-debian-gcc 0.5.0 34.08 24.30 58.38 OK
r-devel-linux-x86_64-fedora-clang 0.5.0 114.10 NOTE
r-devel-linux-x86_64-fedora-gcc 0.5.0 108.01 OK
r-devel-windows-ix86+x86_64 0.5.0 72.00 65.00 137.00 OK
r-patched-linux-x86_64 0.5.0 39.24 29.67 68.91 OK
r-patched-solaris-x86 0.5.0 105.10 OK
r-release-linux-x86_64 0.5.0 39.13 29.44 68.57 OK
r-release-windows-ix86+x86_64 0.2.0 62.00 233.00 295.00 OK
r-release-osx-x86_64 0.5.0 NOTE
r-oldrel-windows-ix86+x86_64 0.5.0 109.00 91.00 200.00 OK
r-oldrel-osx-x86_64 0.5.0 NOTE

Check Details

Version: 0.5.0
Check: installed package size
Result: NOTE
     installed size is 5.4Mb
     sub-directories of 1Mb or more:
     help 2.4Mb
     libs 2.8Mb
Flavors: r-devel-linux-x86_64-fedora-clang, r-release-osx-x86_64, r-oldrel-osx-x86_64