CRAN Package Check Results for Package greport

Last updated on 2022-01-26 05:54:17 CET.

Flavor Version Tinstall Tcheck Ttotal Status Flags
r-devel-linux-x86_64-debian-clang 0.7-2 21.66 168.31 189.97 NOTE
r-devel-linux-x86_64-debian-gcc 0.7-2 16.98 123.64 140.62 NOTE
r-devel-linux-x86_64-fedora-clang 0.7-2 219.29 NOTE
r-devel-linux-x86_64-fedora-gcc 0.7-2 210.28 NOTE
r-devel-windows-x86_64-new-UL 0.7-2 43.00 168.00 211.00 NOTE
r-devel-windows-x86_64-new-TK 0.7-2 NOTE
r-patched-linux-x86_64 0.7-2 20.66 150.73 171.39 NOTE
r-release-linux-x86_64 0.7-2 15.72 152.37 168.09 NOTE
r-release-macos-arm64 0.7-2 NOTE
r-release-macos-x86_64 0.7-2 NOTE
r-release-windows-ix86+x86_64 0.7-2 45.00 173.00 218.00 NOTE
r-oldrel-macos-x86_64 0.7-2 NOTE
r-oldrel-windows-ix86+x86_64 0.7-2 106.00 175.00 281.00 NOTE

Check Details

Version: 0.7-2
Check: R code for possible problems
Result: NOTE
    accrualReport: multiple local function definitions for 'gg' with
     different formal arguments
Flavors: r-devel-linux-x86_64-debian-clang, r-devel-linux-x86_64-debian-gcc, r-devel-linux-x86_64-fedora-clang, r-devel-linux-x86_64-fedora-gcc, r-devel-windows-x86_64-new-UL, r-devel-windows-x86_64-new-TK, r-patched-linux-x86_64, r-release-linux-x86_64, r-release-macos-arm64, r-release-macos-x86_64, r-release-windows-ix86+x86_64, r-oldrel-macos-x86_64, r-oldrel-windows-ix86+x86_64