CRAN Package Check Results for Package grf

Last updated on 2022-08-12 05:52:48 CEST.

Flavor Version Tinstall Tcheck Ttotal Status Flags
r-devel-linux-x86_64-debian-clang 2.2.0 352.00 99.67 451.67 NOTE
r-devel-linux-x86_64-debian-gcc 2.2.0 246.24 79.68 325.92 NOTE
r-devel-linux-x86_64-fedora-clang 2.2.0 640.93 NOTE
r-devel-linux-x86_64-fedora-gcc 2.2.0 556.95 NOTE
r-devel-windows-x86_64 2.2.0 308.00 165.00 473.00 NOTE
r-patched-linux-x86_64 2.2.0 256.89 100.44 357.33 NOTE
r-release-linux-x86_64 2.2.0 273.38 101.78 375.16 NOTE
r-release-macos-arm64 2.1.0 134.00 NOTE
r-release-macos-x86_64 2.2.0 178.00 NOTE
r-release-windows-x86_64 2.2.0 345.00 159.00 504.00 NOTE
r-oldrel-macos-arm64 2.1.0 132.00 NOTE
r-oldrel-macos-x86_64 2.2.0 174.00 NOTE
r-oldrel-windows-ix86+x86_64 2.2.0 569.00 181.00 750.00 NOTE

Check Details

Version: 2.2.0
Check: for GNU extensions in Makefiles
Result: NOTE
    GNU make is a SystemRequirements.
Flavors: r-devel-linux-x86_64-debian-clang, r-devel-linux-x86_64-debian-gcc, r-devel-linux-x86_64-fedora-clang, r-devel-linux-x86_64-fedora-gcc, r-devel-windows-x86_64, r-patched-linux-x86_64, r-release-linux-x86_64, r-release-macos-x86_64, r-release-windows-x86_64, r-oldrel-macos-x86_64, r-oldrel-windows-ix86+x86_64

Version: 2.1.0
Check: installed package size
Result: NOTE
     installed size is 32.2Mb
     sub-directories of 1Mb or more:
     libs 31.7Mb
Flavors: r-release-macos-arm64, r-oldrel-macos-arm64

Version: 2.1.0
Check: for GNU extensions in Makefiles
Result: NOTE
    GNU make is a SystemRequirements.
Flavors: r-release-macos-arm64, r-oldrel-macos-arm64

Version: 2.2.0
Check: installed package size
Result: NOTE
     installed size is 31.2Mb
     sub-directories of 1Mb or more:
     libs 30.7Mb
Flavors: r-release-macos-x86_64, r-oldrel-macos-x86_64