CRAN Package Check Results for Package grf

Last updated on 2024-06-19 06:58:03 CEST.

Flavor Version Tinstall Tcheck Ttotal Status Flags
r-devel-linux-x86_64-debian-clang 2.3.2 435.76 104.58 540.34 NOTE
r-devel-linux-x86_64-debian-gcc 2.3.2 276.14 86.60 362.74 NOTE
r-devel-linux-x86_64-fedora-clang 2.3.2 786.34 NOTE
r-devel-linux-x86_64-fedora-gcc 2.3.2 786.34 NOTE
r-devel-windows-x86_64 2.3.2 317.00 133.00 450.00 NOTE
r-patched-linux-x86_64 2.3.2 351.25 112.19 463.44 NOTE
r-release-linux-x86_64 2.3.2 334.40 111.00 445.40 NOTE
r-release-macos-arm64 2.3.2 146.00 NOTE
r-release-macos-x86_64 2.3.2 113.00 NOTE
r-release-windows-x86_64 2.3.2 318.00 135.00 453.00 NOTE
r-oldrel-macos-arm64 2.3.2 129.00 NOTE
r-oldrel-macos-x86_64 2.3.2 161.00 NOTE
r-oldrel-windows-x86_64 2.3.2 387.00 160.00 547.00 NOTE

Check Details

Version: 2.3.2
Check: for GNU extensions in Makefiles
Result: NOTE GNU make is a SystemRequirements. Flavors: r-devel-linux-x86_64-debian-clang, r-devel-linux-x86_64-debian-gcc, r-devel-linux-x86_64-fedora-clang, r-devel-linux-x86_64-fedora-gcc, r-devel-windows-x86_64, r-patched-linux-x86_64, r-release-linux-x86_64, r-release-macos-arm64, r-release-macos-x86_64, r-release-windows-x86_64, r-oldrel-macos-arm64, r-oldrel-macos-x86_64, r-oldrel-windows-x86_64

Version: 2.3.2
Check: installed package size
Result: NOTE installed size is 39.5Mb sub-directories of 1Mb or more: libs 39.0Mb Flavors: r-release-macos-arm64, r-release-macos-x86_64, r-oldrel-macos-arm64, r-oldrel-macos-x86_64