CRAN Package Check Results for Package growfunctions

Last updated on 2019-05-20 05:48:21 CEST.

Flavor Version Tinstall Tcheck Ttotal Status Flags
r-devel-linux-x86_64-debian-clang 0.14 225.18 101.29 326.47 OK
r-devel-linux-x86_64-debian-gcc 0.14 185.72 79.75 265.47 OK
r-devel-linux-x86_64-fedora-clang 0.14 470.06 NOTE
r-devel-linux-x86_64-fedora-gcc 0.14 451.04 OK
r-devel-windows-ix86+x86_64 0.14 534.00 242.00 776.00 OK
r-patched-linux-x86_64 0.14 198.70 98.77 297.47 OK
r-patched-solaris-x86 0.14 445.20 OK
r-release-linux-x86_64 0.14 212.16 98.70 310.86 OK
r-release-windows-ix86+x86_64 0.14 537.00 250.00 787.00 OK
r-release-osx-x86_64 0.14 NOTE
r-oldrel-windows-ix86+x86_64 0.14 371.00 174.00 545.00 OK
r-oldrel-osx-x86_64 0.14 NOTE

Check Details

Version: 0.14
Check: installed package size
Result: NOTE
     installed size is 15.5Mb
     sub-directories of 1Mb or more:
     libs 15.0Mb
Flavors: r-devel-linux-x86_64-fedora-clang, r-release-osx-x86_64, r-oldrel-osx-x86_64