CRAN Package Check Results for Package growfunctions

Last updated on 2019-07-16 05:48:15 CEST.

Flavor Version Tinstall Tcheck Ttotal Status Flags
r-devel-linux-x86_64-debian-clang 0.14 223.68 101.65 325.33 OK
r-devel-linux-x86_64-debian-gcc 0.14 187.91 77.25 265.16 OK
r-devel-linux-x86_64-fedora-clang 0.14 457.90 NOTE
r-devel-linux-x86_64-fedora-gcc 0.14 472.24 OK
r-devel-windows-ix86+x86_64 0.14 534.00 237.00 771.00 OK
r-patched-linux-x86_64 0.14 215.97 97.89 313.86 OK
r-patched-solaris-x86 0.14 458.20 OK
r-release-linux-x86_64 0.14 209.03 97.70 306.73 OK
r-release-windows-ix86+x86_64 0.14 398.00 249.00 647.00 OK
r-release-osx-x86_64 0.14 NOTE
r-oldrel-windows-ix86+x86_64 0.14 531.00 183.00 714.00 OK
r-oldrel-osx-x86_64 0.14 NOTE

Check Details

Version: 0.14
Check: installed package size
Result: NOTE
     installed size is 15.5Mb
     sub-directories of 1Mb or more:
     libs 15.0Mb
Flavors: r-devel-linux-x86_64-fedora-clang, r-release-osx-x86_64, r-oldrel-osx-x86_64