Last updated on 2022-08-19 05:52:51 CEST.
Flavor | Version | Tinstall | Tcheck | Ttotal | Status | Flags |
---|---|---|---|---|---|---|
r-devel-linux-x86_64-debian-clang | 0.0.2 | 32.46 | 396.72 | 429.18 | OK | |
r-devel-linux-x86_64-debian-gcc | 0.0.2 | 27.74 | 279.87 | 307.61 | OK | |
r-devel-linux-x86_64-fedora-clang | 0.0.2 | 490.48 | OK | |||
r-devel-linux-x86_64-fedora-gcc | 0.0.2 | 491.92 | OK | |||
r-devel-windows-x86_64 | 0.0.2 | 56.00 | 438.00 | 494.00 | OK | |
r-patched-linux-x86_64 | 0.0.2 | 29.75 | 366.91 | 396.66 | OK | |
r-release-linux-x86_64 | 0.0.2 | OK | ||||
r-release-macos-arm64 | 0.0.2 | 163.00 | NOTE | |||
r-release-macos-x86_64 | 0.0.2 | 189.00 | NOTE | |||
r-release-windows-x86_64 | 0.0.2 | 40.00 | 467.00 | 507.00 | OK | |
r-oldrel-macos-arm64 | 0.0.2 | 146.00 | NOTE | |||
r-oldrel-macos-x86_64 | 0.0.2 | 187.00 | NOTE | |||
r-oldrel-windows-ix86+x86_64 | 0.0.2 | 80.00 | 676.00 | 756.00 | OK |
Version: 0.0.2
Check: installed package size
Result: NOTE
installed size is 5.1Mb
sub-directories of 1Mb or more:
doc 1.6Mb
libs 2.4Mb
Flavors: r-release-macos-arm64, r-release-macos-x86_64, r-oldrel-macos-arm64, r-oldrel-macos-x86_64