CRAN Package Check Results for Package gstar

Last updated on 2024-06-13 06:58:04 CEST.

Flavor Version Tinstall Tcheck Ttotal Status Flags
r-devel-linux-x86_64-debian-clang 0.1.0 6.68 53.96 60.64 OK
r-devel-linux-x86_64-debian-gcc 0.1.0 0.35 1.72 2.07 ERROR
r-devel-linux-x86_64-fedora-clang 0.1.0 79.72 NOTE
r-devel-linux-x86_64-fedora-gcc 0.1.0 72.64 NOTE
r-devel-windows-x86_64 0.1.0 7.00 60.00 67.00 OK
r-patched-linux-x86_64 0.1.0 6.44 52.61 59.05 OK
r-release-linux-x86_64 0.1.0 5.78 51.71 57.49 OK
r-release-macos-arm64 0.1.0 26.00 OK
r-release-macos-x86_64 0.1.0 48.00 OK
r-release-windows-x86_64 0.1.0 7.00 64.00 71.00 OK
r-oldrel-macos-arm64 0.1.0 29.00 OK
r-oldrel-macos-x86_64 0.1.0 39.00 OK
r-oldrel-windows-x86_64 0.1.0 9.00 68.00 77.00 OK

Check Details

Version: 0.1.0
Check: package dependencies
Result: ERROR Packages required but not available: 'ggplot2', 'dplyr', 'reshape2' Package suggested but not available for checking: ‘testthat’ See section ‘The DESCRIPTION file’ in the ‘Writing R Extensions’ manual. Flavor: r-devel-linux-x86_64-debian-gcc

Version: 0.1.0
Check: dependencies in R code
Result: NOTE Namespace in Imports field not imported from: ‘dplyr’ All declared Imports should be used. Flavors: r-devel-linux-x86_64-fedora-clang, r-devel-linux-x86_64-fedora-gcc