CRAN Package Check Results for Package gtreg

Last updated on 2024-06-13 06:58:04 CEST.

Flavor Version Tinstall Tcheck Ttotal Status Flags
r-devel-linux-x86_64-debian-clang 0.3.0 8.50 122.22 130.72 OK
r-devel-linux-x86_64-debian-gcc 0.3.0 0.48 1.90 2.38 ERROR
r-devel-linux-x86_64-fedora-clang 0.3.0 158.22 OK
r-devel-linux-x86_64-fedora-gcc 0.3.0 158.44 OK
r-devel-windows-x86_64 0.3.0 8.00 101.00 109.00 OK
r-patched-linux-x86_64 0.3.0 6.23 116.86 123.09 OK
r-release-linux-x86_64 0.3.0 8.84 112.42 121.26 OK
r-release-macos-arm64 0.3.0 51.00 OK
r-release-macos-x86_64 0.3.0 76.00 OK
r-release-windows-x86_64 0.3.0 7.00 100.00 107.00 OK
r-oldrel-macos-arm64 0.3.0 54.00 OK
r-oldrel-macos-x86_64 0.3.0 162.00 OK
r-oldrel-windows-x86_64 0.3.0 11.00 123.00 134.00 OK

Check Details

Version: 0.3.0
Check: package dependencies
Result: ERROR Packages required but not available: 'broom.helpers', 'dplyr', 'forcats', 'gtsummary', 'purrr', 'stringr', 'tibble', 'tidyr' Packages suggested but not available for checking: 'gt', 'testthat' See section ‘The DESCRIPTION file’ in the ‘Writing R Extensions’ manual. Flavor: r-devel-linux-x86_64-debian-gcc