CRAN Package Check Results for Package gtrendsR

Last updated on 2023-02-09 05:54:12 CET.

Flavor Version Tinstall Tcheck Ttotal Status Flags
r-devel-linux-x86_64-debian-clang 1.5.1 7.95 55.06 63.01 OK
r-devel-linux-x86_64-debian-gcc 1.5.1 6.72 41.32 48.04 OK
r-devel-linux-x86_64-fedora-clang 1.5.1 83.26 NOTE
r-devel-linux-x86_64-fedora-gcc 1.5.1 74.67 NOTE
r-devel-windows-x86_64 1.5.1 20.00 81.00 101.00 OK
r-patched-linux-x86_64 1.5.1 8.71 54.19 62.90 OK
r-release-linux-x86_64 1.5.1 8.36 54.52 62.88 OK
r-release-macos-arm64 1.5.1 34.00 NOTE
r-release-macos-x86_64 1.5.1 42.00 NOTE
r-release-windows-x86_64 1.5.1 14.00 91.00 105.00 OK
r-oldrel-macos-arm64 1.5.1 33.00 NOTE
r-oldrel-macos-x86_64 1.5.1 38.00 NOTE
r-oldrel-windows-ix86+x86_64 1.5.1 18.00 83.00 101.00 OK

Check Details

Version: 1.5.1
Check: data for non-ASCII characters
Result: NOTE
     Note: found 269 marked UTF-8 strings
Flavors: r-devel-linux-x86_64-fedora-clang, r-devel-linux-x86_64-fedora-gcc, r-release-macos-arm64, r-release-macos-x86_64, r-oldrel-macos-arm64, r-oldrel-macos-x86_64